NOAA style reports

NOAA-style Climate Reports

Select a Year or Month report

Report for 2017 Jul
                   Monthly Climatological Summary for Jul 2017

Name: Hog Town   City: Melvin   State: Michigan
Elevation: 830 ft  Lat: N 43° 11' 01"   Lon: W 082° 51' 43"

                  Temperature (°F), Rain (in), Wind Speed (mph)

                                      Heat  Cool        Avg
    Mean                              Deg   Deg         Wind                 Dom
Day Temp  High   Time   Low    Time   Days  Days  Rain  Speed High   Time    Dir
----------------------------------------------------------------------------------
 1  71.5  79.9   16:11  63.1   23:58   0.0   6.6  0.33   2.4  20.0   11:49   WSW
 2  69.1  80.9   15:16  58.2   06:04   1.5   5.6  0.00   3.3  23.0   17:48   WSW
 3  67.5  77.6   17:04  57.9   05:24   1.7   4.2  0.00   2.2  13.0   16:22   NNW
 4  68.9  82.1   16:00  55.5   06:18   2.5   6.4  0.00   2.4  13.0   10:26    NE
 5  71.9  89.1   17:41  55.5   05:24   2.5   9.4  0.00   1.3  10.0   18:40   ENE
 6  75.3  93.0   16:41  60.1   05:55   0.8  11.1  0.18   1.5  24.0   21:43     W
 7  70.6  83.3   16:00  64.3   03:56   0.1   5.7  0.19   2.7  16.0   00:19     W
 8  67.1  75.8   18:34  61.7   02:24   1.1   3.2  0.01   3.5  15.0   11:18     W
 9  70.7  82.8   15:12  58.3   06:24   1.6   7.3  0.00   2.3  15.0   12:56    SW
10  68.5  79.1   19:47  62.6   05:40   0.2   3.8  0.46   0.5   9.0   13:18   SSE
11  74.8  90.4   16:56  64.7   02:03   0.0   9.9  0.00   1.3  11.0   19:18   ENE
12  74.8  84.0   18:17  69.1   04:52   0.0   9.8  0.00   0.6  10.0   13:39    SE
13  74.7  84.7   17:14  68.5   07:27   0.0   9.7  0.61   1.0  16.0   18:07    SW
14  69.6  77.6   16:12  64.4   23:58   0.0   4.6  0.00   4.7  16.0   10:09     W
15  70.6  82.6   16:34  61.4   06:32   0.6   6.2  0.00   2.5  12.0   16:13     W
16  66.2  71.6   15:29  58.8   23:57   1.0   2.2  0.00   2.8  19.0   16:39     W
17  65.8  78.7   15:37  56.3   02:01   2.8   3.6  0.00   2.2  11.0   12:14    NW
18  73.0  91.2   17:00  56.2   05:49   2.1  10.1  0.01   0.4   8.0   14:12    SW
19  74.1  89.6   14:38  66.3   23:58   0.0   9.1  0.00   1.8  14.0   15:47   NNE
20  75.8  86.4   16:57  65.4   02:03   0.0  10.8  0.00   2.1  17.0   09:56    SW
21  76.9  88.6   16:53  67.0   06:32   0.0  11.9  0.00   1.3   9.0   20:34   WNW
22  70.7  73.1   08:26  67.6   23:58   0.0   5.7  0.30   2.0  13.0   12:51   ENE
23  71.0  87.2   17:37  64.2   23:46   0.0   6.0  0.32   1.1  22.0   19:38    NW
24  63.7  69.0   16:25  57.3   23:55   2.1   0.7  0.00   5.2  22.0   10:18   WNW
25  66.6  81.7   19:32  52.4   06:19   3.6   5.2  0.00   2.0  12.0   12:01     N
26  69.4  83.0   17:07  58.4   04:01   1.9   6.3  0.00   1.0  15.0   16:21   SSE
27  70.0  77.7   18:33  62.1   23:47   0.2   5.1  0.11   1.6  11.0   12:04     N
28  64.8  73.5   15:34  56.8   23:22   2.4   2.3  0.01   3.5  19.0   14:56   NNW
29  67.7  80.5   13:28  53.1   05:09   3.5   6.2  0.00   2.8  15.0   14:08   NNW
30  70.5  82.1   16:55  57.8   05:10   1.8   7.3  0.00   1.9  12.0   14:16     W
31  73.3  86.5   16:53  61.8   06:27   0.4   8.7  0.00   2.0  13.0   13:09   WSW
----------------------------------------------------------------------------------
    70.5  93.0     6    52.4    25    34.4 204.7  2.53   2.1  24.0     6     WNW

Max >=  80.0: 20
Max <=  32.0:  0
Min <=  32.0:  0
Min <=   0.0:  0
Max Rain: 0.61 on day 13
Days of Rain: 11 (>= 0.01 in)  8 (>= 0.10 in)  0 (>= 1.00 in)
Heat Base: 65.0  Cool Base: 65.0  Method: Integration