NOAA style reports

NOAA-style Climate Reports

Select a Year or Month report

Report for 2017 Jun
                   Monthly Climatological Summary for Jun 2017

Name: Hog Town   City: Melvin   State: Michigan
Elevation: 830 ft  Lat: N 43° 11' 01"   Lon: W 082° 51' 43"

                  Temperature (°F), Rain (in), Wind Speed (mph)

                                      Heat  Cool        Avg
    Mean                              Deg   Deg         Wind                 Dom
Day Temp  High   Time   Low    Time   Days  Days  Rain  Speed High   Time    Dir
----------------------------------------------------------------------------------
 1  60.0  71.7   16:54  46.1   06:22   6.3   1.3  0.00   3.2  18.0   14:03     W
 2  61.5  75.6   16:01  48.4   06:26   5.6   2.1  0.00   2.3  16.0   16:58   ENE
 3  66.2  84.0   15:43  47.1   04:21   4.9   6.1  0.00   1.2  13.0   14:15     E
 4  67.1  83.5   15:41  57.6   06:15   2.4   4.4  0.34   2.9  38.0   17:00   WSW
 5  57.9  64.3   17:34  52.7   23:59   7.1   0.0  0.00   4.3  20.0   17:14    NW
 6  56.1  60.5   11:48  51.8   01:04   8.9   0.0  0.00   5.4  22.0   14:09   WNW
 7  62.4  74.4   17:05  48.9   06:07   5.6   3.0  0.00   3.3  16.0   12:16   NNE
 8  65.6  81.6   15:39  50.4   06:29   4.4   5.0  0.00   0.9  10.0   18:37    NE
 9  67.2  81.6   17:11  56.1   04:54   2.3   4.5  0.00   1.8  11.0   18:52    SW
10  74.0  90.7   15:24  55.7   05:18   2.3  11.3  0.00   1.9  17.0   12:57   SSW
11  79.9  92.4   14:12  68.3   06:18   0.0  14.9  0.00   1.8  15.0   09:53   SSW
12  80.4  92.7   16:29  69.0   06:07   0.0  15.4  0.00   1.8  17.0   14:22   SSW
13  74.1  83.4   15:25  65.4   23:57   0.0   9.1  0.00   3.3  16.0   04:28   NNE
14  73.1  84.5   15:34  62.8   05:56   0.4   8.5  0.00   3.5  19.0   17:52     E
15  71.0  84.6   14:36  63.7   08:04   0.0   6.0  0.27   2.0  18.0   17:51     E
16  74.0  86.5   13:33  62.9   06:14   0.1   9.1  0.01   0.9  13.0   15:26    SW
17  71.5  88.6   17:10  65.1   05:14   0.0   6.5  0.89   1.9  26.0   18:47     E
18  73.1  82.1   14:12  66.1   23:57   0.0   8.1  0.15   3.2  25.0   16:51    SW
19  66.1  77.1   14:18  57.7   23:58   2.1   3.2  0.34   2.3  20.0   19:28   WSW
20  62.2  72.6   15:25  56.4   23:58   3.9   1.1  0.02   3.6  23.0   12:28   WSW
21  64.1  81.2   18:44  53.5   06:12   3.9   3.0  0.00   2.4  11.0   19:55     W
22  73.1  92.6   16:00  58.4   04:10   1.4   9.5  0.60   1.0  15.0   22:10   SSE
23  69.9  78.5   13:18  65.8   23:58   0.0   4.9  0.96   2.5  21.0   18:08   WSW
24  65.2  76.6   16:02  57.2   06:22   2.1   2.3  0.32   3.2  21.0   16:33   WSW
25  60.6  66.5   12:51  54.2   05:11   4.5   0.1  0.04   4.1  21.0   15:14   WSW
----------------------------------------------------------------------------------
    67.9  92.7    12    46.1     1    68.2 139.4  3.94   2.6  38.0     4     WSW

Max >=  80.0: 15
Max <=  32.0:  0
Min <=  32.0:  0
Min <=   0.0:  0
Max Rain: 0.96 on day 23
Days of Rain: 11 (>= 0.01 in)  8 (>= 0.10 in)  0 (>= 1.00 in)
Heat Base: 65.0  Cool Base: 65.0  Method: Integration