NOAA style reports

NOAA-style Climate Reports

Select a Year or Month report

Report for 2017 May
                   Monthly Climatological Summary for May 2017

Name: Hog Town   City: Melvin   State: Michigan
Elevation: 830 ft  Lat: N 43° 11' 01"   Lon: W 082° 51' 43"

                  Temperature (°F), Rain (in), Wind Speed (mph)

                                      Heat  Cool        Avg
    Mean                              Deg   Deg         Wind                 Dom
Day Temp  High   Time   Low    Time   Days  Days  Rain  Speed High   Time    Dir
----------------------------------------------------------------------------------
 1  55.6  67.5   15:23  43.3   00:00   9.5   0.1  0.23   4.2  19.0   18:05   SSE
 2  46.1  49.4   03:09  40.4   23:58  18.9   0.0  0.01   6.5  34.0   15:44    SW
 3  46.9  59.6   16:25  38.1   06:51  18.1   0.0  0.01   4.5  17.0   00:06   WNW
 4  43.7  46.7   10:09  41.2   23:42  21.3   0.0  0.54   4.0  19.0   22:58    NE
 5  43.0  45.4   11:10  40.8   03:23  22.0   0.0  0.05   7.3  26.0   12:00   NNW
 6  46.6  51.3   17:59  40.5   06:04  18.4   0.0  0.00   8.2  28.0   12:03   WNW
 7  44.0  53.1   17:53  34.8   06:51  21.0   0.0  0.00   6.0  23.0   12:59   WNW
 8  42.5  56.3   18:35  32.4   06:38  22.5   0.0  0.00   4.4  19.0   12:46   WNW
 9  46.0  63.6   15:31  32.1   04:49  19.0   0.0  0.00   2.5  17.0   15:58   ENE
10  52.1  65.7   14:59  40.5   05:10  13.0   0.0  0.00   3.8  16.0   16:19     E
11  51.9  61.8   14:40  45.8   23:57  13.1   0.0  0.05   4.3  19.0   15:11    NE
12  53.5  66.0   15:55  39.8   05:49  11.5   0.0  0.00   3.1  17.0   12:07    NE
13  55.0  68.8   13:07  43.6   06:08  10.2   0.2  0.02   2.7  19.0   22:52   ENE
14  52.5  61.4   17:14  46.1   03:56  12.5   0.0  0.00   4.2  25.0   14:43   WNW
15  54.8  72.7   14:47  40.4   04:20  11.0   0.8  0.00   2.9  16.0   16:41   ENE
16  64.3  80.8   18:01  49.9   05:24   5.8   5.1  0.16   2.4  15.0   09:36    SE
17  76.8  87.0   14:34  66.6   05:58   0.0  11.8  0.00   2.5  16.0   14:12     S
18  76.2  86.2   14:50  56.6   23:59   0.3  11.5  0.00   5.5  35.0   17:21    SW
19  46.7  56.6   00:00  42.5   06:37  18.3   0.0  0.00   5.8  23.0   01:33    NW
20  54.9  65.1   16:02  43.9   02:09  10.1   0.0  0.00   7.8  26.0   13:31   ENE
21  61.2  74.0   18:37  51.8   04:24   5.1   1.3  0.56   3.7  20.0   01:26   ESE
22  58.3  68.1   18:10  50.6   06:17   7.0   0.3  0.00   4.2  23.0   15:35    SW
23  61.8  71.5   16:13  55.1   00:35   4.5   1.3  0.02   0.8   9.0   18:41     W
24  60.1  70.5   11:58  53.3   05:55   5.6   0.7  0.12   5.3  19.0   16:18   ENE
25  56.2  59.2   14:47  54.0   23:43   8.8   0.0  0.11   2.7  15.0   00:05   NNE
26  57.7  67.2   19:26  51.6   03:01   7.4   0.1  0.01   4.6  16.0   01:38     W
27  63.0  78.7   16:14  51.8   05:47   5.1   3.1  0.00   2.5  13.0   18:53     E
28  66.6  82.3   16:52  55.0   03:22   3.2   4.8  0.02   1.5  13.0   10:57   ESE
29  67.9  79.9   15:06  57.5   05:42   1.8   4.7  0.01   2.6  24.0   16:09    SW
30  63.3  73.8   16:06  53.7   05:59   3.6   1.9  0.01   3.1  24.0   20:00    SW
31  60.6  70.2   15:22  49.4   06:37   5.1   0.6  0.00   3.6  24.0   15:23   WSW
----------------------------------------------------------------------------------
    55.8  87.0    17    32.1     9   333.7  48.3  1.93   4.1  35.0    18      NW

Max >=  80.0:  4
Max <=  32.0:  0
Min <=  32.0:  0
Min <=   0.0:  0
Max Rain: 0.56 on day 21
Days of Rain: 16 (>= 0.01 in)  6 (>= 0.10 in)  0 (>= 1.00 in)
Heat Base: 65.0  Cool Base: 65.0  Method: Integration