NOAA style reports

NOAA-style Climate Reports

Select a Year or Month report

Report for 2017 Apr
                   Monthly Climatological Summary for Apr 2017

Name: Hog Town   City: Melvin   State: Michigan
Elevation: 830 ft  Lat: N 43° 11' 01"   Lon: W 082° 51' 43"

                  Temperature (°F), Rain (in), Wind Speed (mph)

                                      Heat  Cool        Avg
    Mean                              Deg   Deg         Wind                 Dom
Day Temp  High   Time   Low    Time   Days  Days  Rain  Speed High   Time    Dir
----------------------------------------------------------------------------------
 1  42.5  53.5   17:56  33.2   07:26  22.5   0.0  0.00   4.7  18.0   15:41    NW
 2  50.3  65.6   16:07  37.7   07:16  14.7   0.0  0.00   2.6  11.0   18:08   SSW
 3  49.3  54.5   12:24  45.1   07:32  15.7   0.0  0.29   6.9  22.0   14:16   ESE
 4  47.6  53.8   08:43  42.0   13:22  17.4   0.0  0.13   5.4  23.0   16:00     W
 5  41.6  45.4   00:18  37.0   06:44  23.4   0.0  0.20   5.1  26.0   23:16    NE
 6  36.6  41.0   00:00  32.9   23:11  28.4   0.0  0.62  11.8  37.0   17:57     N
 7  38.1  48.0   18:52  32.2   07:21  26.9   0.0  0.01   9.5  31.0   12:05    NW
 8  46.0  62.7   17:29  31.9   07:10  19.0   0.0  0.00   3.1  14.0   16:42   WSW
 9  58.0  74.8   16:29  43.8   04:36   8.8   1.9  0.00   4.0  18.0   13:41   SSE
10  65.3  76.1   15:21  54.1   23:47   2.6   3.0  0.07   4.7  23.0   12:48     S
11  48.2  58.0   14:52  42.6   05:59  16.8   0.0  0.00   5.3  25.0   17:15     W
12  43.3  54.1   17:24  35.4   23:44  21.7   0.0  0.00   6.0  18.0   01:53     W
13  42.0  47.9   15:10  34.8   00:24  23.0   0.0  0.01   2.6  13.0   03:15     E
14  49.8  64.7   16:30  37.1   06:58  15.2   0.0  0.00   5.6  21.0   10:15     E
15  61.6  81.5   16:36  44.0   00:00   8.7   5.4  0.24   5.2  26.0   15:45     S
16  66.0  70.2   17:00  51.3   23:58   1.0   1.9  0.00   6.8  29.0   12:48    SW
17  46.6  55.1   10:55  34.6   23:30  18.4   0.0  0.01   3.1  16.0   14:05    NE
18  48.6  64.9   16:03  33.2   02:55  16.4   0.0  0.00   5.1  20.0   13:46   ESE
19  57.0  72.9   14:38  44.1   22:12   9.4   1.4  0.00   4.9  20.0   17:11     S
20  48.7  55.8   17:52  42.8   05:04  16.3   0.0  1.37   5.4  26.0   10:10     E
21  47.3  53.5   00:00  42.0   23:17  17.7   0.0  0.04   6.8  22.0   13:18     W
22  46.6  58.0   16:44  37.1   05:43  18.4   0.0  0.00   3.9  17.0   10:55   NNW
23  50.1  69.3   17:12  34.1   06:22  15.3   0.4  0.00   2.7  15.0   17:28   WNW
24  52.9  71.1   14:07  37.3   06:23  13.0   0.9  0.00   5.0  19.0   15:34   ENE
25  56.4  71.5   17:00  45.9   03:14   9.5   0.8  0.00   5.9  17.0   09:39   ESE
26  63.5  75.5   15:42  52.0   05:39   4.2   2.7  0.00   5.5  24.0   14:24    SE
27  63.0  73.7   11:02  49.6   23:38   3.8   1.8  0.11   5.8  24.0   19:00     S
28  55.3  66.6   15:35  45.6   06:47   9.7   0.1  0.00   4.0  20.0   06:23   SSW
29  44.7  56.3   00:00  39.5   20:31  20.3   0.0  0.00   5.0  19.0   23:39     N
30  43.3  47.4   18:19  39.7   11:30  21.7   0.0  0.69   5.6  21.0   10:06    NE
----------------------------------------------------------------------------------
    50.3  81.5    15    31.9     8   459.9  20.3  3.79   5.3  37.0     6      SE

Max >=  80.0:  1
Max <=  32.0:  0
Min <=  32.0:  1
Min <=   0.0:  0
Max Rain: 1.37 on day 20
Days of Rain: 13 (>= 0.01 in)  8 (>= 0.10 in)  1 (>= 1.00 in)
Heat Base: 65.0  Cool Base: 65.0  Method: Integration