NOAA style reports

NOAA-style Climate Reports

Select a Year or Month report

Report for 2017 Feb
                   Monthly Climatological Summary for Feb 2017

Name: Hog Town   City: Melvin   State: Michigan
Elevation: 830 ft  Lat: N 43° 11' 01"   Lon: W 082° 51' 43"

                  Temperature (°F), Rain (in), Wind Speed (mph)

                                      Heat  Cool        Avg
    Mean                              Deg   Deg         Wind                 Dom
Day Temp  High   Time   Low    Time   Days  Days  Rain  Speed High   Time    Dir
----------------------------------------------------------------------------------
 1  29.7  34.8   14:13  25.6   23:38  35.3   0.0  0.00   5.0  19.0   01:25   WSW
 2  19.6  25.7   00:00  13.5   22:04  45.4   0.0  0.00   6.9  23.0   11:24     W
 3  15.9  20.0   16:16  12.5   23:52  49.1   0.0  0.00   6.4  21.0   12:37     W
 4  20.8  30.5   14:14   9.5   06:19  44.2   0.0  0.00   4.0  16.0   22:14   SSW
 5  28.7  33.3   12:36  22.0   23:26  36.3   0.0  0.00   4.9  20.0   13:38   WSW
 6  29.4  42.4   15:42  15.9   01:53  35.6   0.0  0.00   2.8  14.0   12:27    SE
 7  35.2  44.5   20:03  32.2   04:48  29.8   0.0  0.50   6.6  24.0   20:48   ESE
 8  27.2  36.6   00:00  20.6   23:59  37.9   0.0  0.00   7.2  33.0   02:27   WNW
 9  17.7  20.7   00:00  14.5   23:23  47.3   0.0  0.00   8.0  26.0   11:07     W
10  22.4  31.1   23:03  13.7   01:47  42.6   0.0  0.00   4.8  24.0   14:13     S
11  34.2  42.9   14:58  27.3   02:55  30.8   0.0  0.00   2.2  12.0   17:23   ENE
12  33.8  38.9   12:55  27.7   22:22  31.2   0.0  0.05   7.6  38.0   22:21     W
13  31.8  38.9   16:18  28.5   00:36  33.2   0.0  0.00   6.6  31.0   00:12   WNW
14  36.8  45.3   16:26  30.2   06:18  28.2   0.0  0.00   5.2  24.0   22:51   WSW
15  27.2  31.2   00:00  23.4   23:55  37.8   0.0  0.00   9.2  26.0   09:53   WNW
16  24.1  29.6   15:51  20.8   08:47  40.9   0.0  0.00   5.8  23.0   03:30   WNW
17  32.9  43.2   15:59  24.7   00:00  32.1   0.0  0.00   3.7  13.0   08:14    SE
18  50.7  64.8   14:28  34.2   00:00  14.3   0.0  0.00   4.6  22.0   10:48    SW
19  44.7  57.4   15:29  35.8   23:31  20.3   0.0  0.00   3.1  15.0   14:06     W
20  40.6  53.7   14:20  32.4   07:11  24.4   0.0  0.00   4.0  17.0   15:05   ESE
21  44.5  55.4   14:23  35.6   04:33  20.5   0.0  0.02   2.4  14.0   00:48   SSE
22  52.4  62.6   12:06  38.1   03:20  12.6   0.0  0.00   3.0  18.0   16:24     S
23  50.9  58.6   12:33  36.0   22:47  14.1   0.0  0.00   5.8  20.0   09:40     W
24  45.4  60.7   20:13  35.7   03:41  19.6   0.0  0.22   3.9  17.0   02:23     E
25  34.1  52.6   00:00  25.1   23:24  30.9   0.0  0.00   8.5  32.0   12:11   WSW
26  31.6  39.2   15:05  22.6   07:17  33.4   0.0  0.00   5.5  21.0   14:37   SSW
27  39.9  51.7   15:50  34.4   07:40  25.1   0.0  0.00   3.9  18.0   00:19   SSW
28  43.4  51.8   23:17  33.9   03:18  21.6   0.0  0.44   3.4  17.0   09:45    SE
----------------------------------------------------------------------------------
    33.8  64.8    18     9.5     4   874.5   0.0  1.23   5.2  38.0    12     WSW

Max >=  80.0:  0
Max <=  32.0:  7
Min <=  32.0: 18
Min <=   0.0:  0
Max Rain: 0.50 on day 7
Days of Rain: 5 (>= 0.01 in)  3 (>= 0.10 in)  0 (>= 1.00 in)
Heat Base: 65.0  Cool Base: 65.0  Method: Integration