NOAA style reports

NOAA-style Climate Reports

Select a Year or Month report

Report for 2017 Jan
                   Monthly Climatological Summary for Jan 2017

Name: Hog Town   City: Melvin   State: Michigan
Elevation: 830 ft  Lat: N 43° 11' 01"   Lon: W 082° 51' 43"

                  Temperature (°F), Rain (in), Wind Speed (mph)

                                      Heat  Cool        Avg
    Mean                              Deg   Deg         Wind                 Dom
Day Temp  High   Time   Low    Time   Days  Days  Rain  Speed High   Time    Dir
----------------------------------------------------------------------------------
 1  32.1  42.9   15:10  25.3   08:03  32.9   0.0  0.00   3.0  15.0   00:09    SW
 2  35.0  41.9   14:17  28.3   03:39  30.0   0.0  0.29   4.7  17.0   10:28     E
 3  37.5  40.6   13:02  35.7   23:47  27.5   0.0  0.25   3.7  17.0   22:41   NNW
 4  21.4  35.9   00:02  13.4   23:59  43.6   0.0  0.01  11.2  29.0   08:11   WSW
 5  12.8  16.0   11:46   7.5   23:58  52.2   0.0  0.00   6.9  22.0   14:27   WSW
 6   9.0  14.0   14:49   5.1   06:58  56.0   0.0  0.00   3.7  16.0   11:33   WSW
 7   9.9  13.4   15:25   5.3   06:17  55.1   0.0  0.00   5.2  20.0   15:07   WSW
 8  12.6  16.9   16:14   8.1   06:16  52.4   0.0  0.00   6.4  22.0   03:13     W
 9  21.1  27.1   14:48  13.9   00:07  43.9   0.0  0.00   4.5  19.0   03:16     S
10  33.5  45.1   20:53  25.8   01:44  31.5   0.0  0.31   7.3  32.0   22:08     S
11  35.6  45.7   22:15  28.8   08:10  29.4   0.0  0.43   6.1  30.0   00:49   SSW
12  29.2  38.5   00:03  25.0   23:59  35.8   0.0  0.13   5.4  20.0   23:23   WNW
13  19.3  25.0   00:00  16.6   23:03  45.7   0.0  0.00   4.4  21.0   02:19   WNW
14  23.4  31.4   14:14  16.4   00:31  41.6   0.0  0.00   1.3   8.0   14:32   SSW
15  25.8  35.8   15:36  17.7   08:19  39.2   0.0  0.00   1.4  10.0   00:23   WSW
16  27.9  33.7   14:15  19.4   07:07  37.1   0.0  0.11   1.3  12.0   23:32    SE
17  34.3  37.1   16:09  31.2   00:00  30.7   0.0  0.60   4.1  16.0   04:26    SE
18  35.9  37.7   15:02  34.4   00:00  29.1   0.0  0.00   4.4  16.0   21:05   WSW
19  33.1  34.7   14:09  31.1   23:52  31.9   0.0  0.00   2.8  12.0   01:13     S
20  34.0  36.9   22:49  31.2   00:00  31.0   0.0  0.01   3.7  14.0   09:03     E
21  41.6  47.2   14:23  35.9   02:27  23.4   0.0  0.00   2.4  11.0   06:52    SE
22  42.8  49.8   13:37  38.6   05:49  22.2   0.0  0.00   1.5  11.0   21:53     E
23  38.1  39.8   14:51  36.0   23:57  26.9   0.0  0.07   2.9  12.0   20:59    NE
24  36.0  37.8   14:47  34.0   08:06  29.0   0.0  0.06   2.6  14.0   15:30   WNW
25  36.9  39.5   22:42  34.8   06:34  28.1   0.0  0.02   1.9  18.0   23:00     S
26  34.9  38.9   00:00  31.9   23:56  30.1   0.0  0.02   6.7  23.0   14:14     W
27  30.0  32.5   00:59  27.8   22:10  35.0   0.0  0.01   6.7  21.0   20:06   WSW
28  28.3  29.5   14:39  25.4   23:59  36.7   0.0  0.01   5.0  19.0   00:55   WSW
29  24.3  26.7   14:57  21.0   23:56  40.7   0.0  0.00   3.5  15.0   00:02   WNW
30  19.6  23.3   14:17  13.5   08:09  45.4   0.0  0.00   4.3  16.0   11:07     W
31  27.3  31.3   15:19  22.4   00:55  37.7   0.0  0.04   5.6  22.0   22:14   SSE
----------------------------------------------------------------------------------
    28.5  49.8    22     5.1     6  1131.8   0.0  2.37   4.3  32.0    10      SW

Max >=  80.0:  0
Max <=  32.0: 11
Min <=  32.0: 24
Min <=   0.0:  0
Max Rain: 0.60 on day 17
Days of Rain: 16 (>= 0.01 in)  7 (>= 0.10 in)  0 (>= 1.00 in)
Heat Base: 65.0  Cool Base: 65.0  Method: Integration