NOAA style reports

NOAA-style Climate Reports

Select a Year or Month report

Report for 2017
                   Annual Climatological Summary for 2017

Name: Hog Town   City: Melvin   State: Michigan
Elevation: 830 ft  Lat: N 43° 11' 01"   Lon: W 082° 51' 43"

                  Temperature (°F), Heat Base: 65.0  Cool Base: 65.0
                          Dep.  Heat  Cool                       Max  Max  Min  Min
        Mean  Mean        From  Deg   Deg                        >=   <=   <=   <=
 YR MO  Max   Min   Mean  Norm  Days  Days  Hi  Date  Low  Date 80.0 32.0 32.0   0.0
------------------------------------------------------------------------------------
 17  1  33.8  23.9  28.5   0.0  1131     0  49.8  22   5.1    6    0   11   24    0
 17  2  42.8  25.9  33.8   0.0   874     0  64.8  18   9.5    4    0    7   18    0
 17  3  41.1  25.7  33.1   0.0   987     0  69.8  24  12.5    4    0   10   19    0
 17  4  61.4  40.4  50.3   0.0   459    20  81.5  15  31.9    8    1    0    1    0
 17  5  66.5  46.6  55.8   0.0   333    48  87.0  17  32.1    9    4    0    0    0
 17  6  79.9  57.5  67.7   0.0    83   163  92.7  12  46.1    1   17    0    0    0
 17  7  82.0  60.9  70.5   0.0    34   204  93.0   6  52.4   25   20    0    0    0
 17  8  78.3  57.5  67.0   0.0    72   135  90.0  21  45.8   26   11    0    0    0
 17  9  75.0  51.0  61.8   0.0   119    54  87.7  17  40.6   10    8    0    0    0
 17 10
 17 11
 17 12
------------------------------------------------------------------------------------
        62.3  43.3  52.1   0.0  4096   626  93.0 Jul   5.1  Jan   61   28   62    0

                                Precipitation (in)

              Dep.   Max        Days of Rain
              From   Obs.           >=
 YR MO Total  Norm   Day Date 0.01 0.10 1.00
---------------------------------------------
 17  1  2.37   0.0  0.60  17    16    7    0
 17  2  1.23   0.0  0.50   7     5    3    0
 17  3  2.09   0.0  0.87  30     9    5    0
 17  4  3.79   0.0  1.37  20    13    8    1
 17  5  1.93   0.0  0.56  21    16    6    0
 17  6  4.05   0.0  0.96  23    13    9    0
 17  7  2.53   0.0  0.61  13    11    8    0
 17  8  1.74   0.0  0.66  17    15    4    0
 17  9  0.56   0.0  0.24   5    10    2    0
 17 10
 17 11
 17 12
---------------------------------------------
       20.29   0.0  1.37  Apr  108   52    1

                                Wind Speed (mph)
                          Dom
 YR MO   Avg.  Hi   Date  Dir
------------------------------
 17  1   4.3  32.0   10   WSW
 17  2   5.2  38.0   12   WSW
 17  3   6.0  47.0    8     W
 17  4   5.3  37.0    6     E
 17  5   4.1  35.0   18    NW
 17  6   2.6  38.0    4   WSW
 17  7   2.1  24.0    6   WNW
 17  8   2.1  29.0   22   WSW
 17  9   1.8  24.0    4    NW
 17 10
 17 11
 17 12
------------------------------
         3.7  47.0  Mar     W