NOAA style reports

NOAA-style Climate Reports

Select a Year or Month report
V/Λ2017 > Jan Feb Mar Apr May Jun Jul Aug Sep Oct Nov Dec
V/Λ2016 > Jan Feb Mar Apr May Jun Jul Aug Sep Oct Nov Dec
V/Λ2015 > Jan Feb Mar Apr May Jun Jul Aug Sep Oct Nov Dec

Report for 2016 Dec
                   Monthly Climatological Summary for Dec 2016

Name: Hog Town   City: Melvin   State: Michigan
Elevation: 830 ft  Lat: N 43° 11' 01"   Lon: W 082° 51' 43"

                  Temperature (°F), Rain (in), Wind Speed (mph)

                                      Heat  Cool        Avg
    Mean                              Deg   Deg         Wind                 Dom
Day Temp  High   Time   Low    Time   Days  Days  Rain  Speed High   Time    Dir
----------------------------------------------------------------------------------
 1  38.9  42.4   14:55  34.9   06:37  26.1   0.0  0.02   5.4  19.0   14:37    SW
 2  36.7  39.8   00:00  33.5   04:33  28.3   0.0  0.06   7.3  23.0   11:53     W
 3  36.3  38.6   14:42  34.6   07:56  28.7   0.0  0.00   4.2  14.0   00:05     W
 4  35.3  38.2   13:18  33.2   23:55  29.7   0.0  0.07   2.3  20.0   20:51   ESE
 5  35.3  41.8   15:06  29.2   23:46  29.7   0.0  0.02   3.1  18.0   07:10   WSW
 6  33.9  38.2   11:41  26.4   03:53  31.1   0.0  0.12   5.4  25.0   11:08   ESE
 7  33.9  39.2   15:16  31.1   04:44  31.1   0.0  0.00   5.8  21.0   21:50    SW
 8  27.8  32.4   00:00  24.7   09:54  37.2   0.0  0.00   8.1  22.0   13:30   WSW
 9  26.2  28.5   12:38  23.9   06:59  38.8   0.0  0.00   5.2  17.0   07:33     W
10  23.2  26.3   12:39  20.2   21:47  41.8   0.0  0.00   4.3  15.0   00:15   WSW
11  25.6  29.7   22:18  21.1   01:35  39.4   0.0  0.37   2.4  13.0   09:24    SE
12  29.1  32.6   07:29  27.2   23:27  35.9   0.0  0.03   4.5  19.0   09:45   WSW
13  21.0  27.2   00:00   8.5   23:27  44.0   0.0  0.01   4.7  16.0   13:07    SW
14  13.2  22.6   13:33   5.5   04:47  51.8   0.0  0.00   6.2  24.0   12:11    SW
15   8.1  12.6   15:14   3.6   07:44  56.9   0.0  0.00   8.6  30.0   11:04   WSW
16  13.2  19.1   13:51   5.5   02:31  51.8   0.0  0.01   3.1  12.0   14:38   SSW
17  22.3  24.4   14:54  19.0   00:00  42.7   0.0  0.14   3.0  14.0   01:05     W
18  16.2  22.3   01:27   8.4   23:55  48.8   0.0  0.00   5.8  23.0   05:27   WNW
19  11.7  19.4   15:27   6.8   03:44  53.3   0.0  0.00   3.4  14.0   12:59   SSW
20  19.9  33.1   15:40   6.7   01:56  45.1   0.0  0.00   5.8  25.0   12:39   SSW
21  28.6  33.9   14:57  24.9   01:01  36.4   0.0  0.00   3.7  15.0   01:07   SSW
22  33.9  38.0   14:56  30.3   00:02  31.1   0.0  0.00   5.5  23.0   12:54     W
23  31.9  37.7   13:33  28.1   05:28  33.1   0.0  0.08   3.6  12.0   19:44     S
24  34.6  36.0   11:07  33.0   00:02  30.4   0.0  0.04   3.5  13.0   06:36   WSW
25  34.5  36.6   11:47  32.3   23:58  30.5   0.0  0.00   6.0  26.0   23:52     E
26  41.7  52.1   15:37  31.5   01:33  23.3   0.0  0.13   8.0  32.0   22:43     S
27  29.1  36.7   00:00  24.7   23:58  35.9   0.0  0.00   8.5  28.0   01:10   WSW
28  29.6  35.8   23:14  24.6   00:22  35.4   0.0  0.00   4.2  17.0   00:21     S
29  34.1  37.7   13:33  30.1   22:49  30.9   0.0  0.00   7.8  26.0   12:59   WSW
30  27.9  30.2   00:00  26.6   20:51  37.1   0.0  0.00   7.3  25.0   02:43     W
31  33.7  41.3   13:39  27.2   00:29  31.3   0.0  0.00   6.6  26.0   20:20    SW
----------------------------------------------------------------------------------
    28.0  52.1    26     3.6    15  1147.6   0.0  1.10   5.3  32.0    26      SW

Max >=  80.0:  0
Max <=  32.0: 11
Min <=  32.0: 25
Min <=   0.0:  0
Max Rain: 0.37 on day 11
Days of Rain: 13 (>= 0.01 in)  4 (>= 0.10 in)  0 (>= 1.00 in)
Heat Base: 65.0  Cool Base: 65.0  Method: Integration