NOAA style reports

NOAA-style Climate Reports

Select a Year or Month report

Report for 2016 Nov
                   Monthly Climatological Summary for Nov 2016

Name: Hog Town   City: Melvin   State: Michigan
Elevation: 830 ft  Lat: N 43° 11' 01"   Lon: W 082° 51' 43"

                  Temperature (°F), Rain (in), Wind Speed (mph)

                                      Heat  Cool        Avg
    Mean                              Deg   Deg         Wind                 Dom
Day Temp  High   Time   Low    Time   Days  Days  Rain  Speed High   Time    Dir
----------------------------------------------------------------------------------
 1  60.3  76.7   16:04  44.4   00:32   7.5   2.8  0.00   1.7  10.0   08:06     S
 2  57.9  65.9   00:00  52.8   21:56   7.1   0.0  0.25   1.7  12.0   14:41    NE
 3  50.3  52.9   00:00  46.7   08:33  14.7   0.0  0.47   2.8  15.0   10:51    NW
 4  46.4  54.0   16:39  40.4   07:26  18.6   0.0  0.00   3.3  14.0   15:20     W
 5  53.2  65.8   16:03  44.7   01:02  11.8   0.0  0.00   3.4  17.0   14:42   WSW
 6  50.7  66.2   15:42  40.2   07:13  14.9   0.0  0.01   0.8   8.0   10:45    SE
 7  52.2  68.1   14:08  39.2   07:19  13.0   0.2  0.01   1.1   9.0   14:16   SSE
 8  50.9  57.6   10:49  45.6   01:02  14.1   0.0  0.02   4.3  24.0   17:27     W
 9  43.0  47.1   15:06  34.4   21:30  22.0   0.0  0.01   5.6  21.0   00:33    NW
10  51.3  63.5   15:24  38.4   01:19  13.7   0.0  0.00   6.0  21.0   12:45    SW
11  42.0  52.0   00:00  29.8   23:25  23.0   0.0  0.00   6.3  27.0   09:52    NW
12  37.8  49.6   14:56  26.6   07:07  27.2   0.0  0.00   3.7  16.0   15:02    SW
13  46.5  59.9   15:09  38.7   05:50  18.5   0.0  0.00   5.4  18.0   14:46    SW
14  46.2  57.4   15:19  34.5   07:35  18.8   0.0  0.00   2.2  14.0   01:25   SSW
15  47.4  61.2   15:26  36.1   07:33  17.6   0.0  0.00   1.2  11.0   13:26     S
16  45.7  54.8   15:02  38.3   23:59  19.3   0.0  0.00   2.8  15.0   01:47   WNW
17  46.8  58.2   14:49  36.0   02:22  18.2   0.0  0.01   3.6  17.0   15:35   SSE
18  59.8  69.1   14:06  51.2   07:29   5.7   0.5  0.01   4.2  22.0   20:44   SSE
19  39.6  62.2   00:00  29.1   23:02  25.4   0.0  0.02   8.4  28.0   17:53   WSW
20  29.0  30.7   01:30  25.2   23:59  36.0   0.0  0.01  12.7  32.0   03:51   WNW
21  28.4  34.0   14:44  24.9   00:38  36.6   0.0  0.00   9.9  31.0   09:56   WNW
22  27.6  34.9   15:17  21.5   07:09  37.4   0.0  0.00   2.4  15.0   02:21   WNW
23  31.0  35.9   22:54  24.3   03:20  34.0   0.0  0.15   5.3  16.0   17:44   ESE
24  38.9  40.9   13:40  35.4   00:19  26.1   0.0  0.09   2.5  14.0   00:45   SSW
25  38.9  41.5   13:43  35.8   19:53  26.1   0.0  0.14   2.5  12.0   15:39   WSW
26  37.0  40.0   14:17  34.7   23:29  28.0   0.0  0.00   4.0  17.0   10:03     W
27  37.9  45.7   15:28  32.1   07:48  27.1   0.0  0.00   2.0  13.0   12:46     S
28  42.2  47.8   14:01  34.6   00:50  22.8   0.0  0.09   5.7  25.0   21:27    SE
29  50.5  58.7   15:13  45.3   00:44  14.5   0.0  0.18   4.9  28.0   01:21   SSE
30  47.3  57.5   14:51  40.3   21:17  17.7   0.0  0.00   2.9  19.0   19:46   WSW
----------------------------------------------------------------------------------
    44.6  76.7     1    21.5    22   617.4   3.5  1.47   4.1  32.0    20     WSW

Max >=  80.0:  0
Max <=  32.0:  1
Min <=  32.0:  7
Min <=   0.0:  0
Max Rain: 0.47 on day 3
Days of Rain: 15 (>= 0.01 in)  5 (>= 0.10 in)  0 (>= 1.00 in)
Heat Base: 65.0  Cool Base: 65.0  Method: Integration