NOAA style reports

NOAA-style Climate Reports

Select a Year or Month report

Report for 2016 Oct
                   Monthly Climatological Summary for Oct 2016

Name: Hog Town   City: Melvin   State: Michigan
Elevation: 830 ft  Lat: N 43° 11' 01"   Lon: W 082° 51' 43"

                  Temperature (°F), Rain (in), Wind Speed (mph)

                                      Heat  Cool        Avg
    Mean                              Deg   Deg         Wind                 Dom
Day Temp  High   Time   Low    Time   Days  Days  Rain  Speed High   Time    Dir
----------------------------------------------------------------------------------
 1  58.1  61.8   16:12  55.5   02:30   6.9   0.0  0.22   4.8  16.0   03:59     E
 2  58.0  70.1   15:29  49.0   08:02   7.3   0.3  0.02   1.1  11.0   13:24     W
 3  60.1  68.1   13:29  54.5   01:12   5.1   0.1  0.00   1.8  10.0   07:04     N
 4  62.2  74.7   14:37  53.6   07:13   4.6   1.9  0.00   3.7  14.0   11:42   ESE
 5  65.5  76.8   15:32  56.7   02:20   2.9   3.4  0.33   3.1  17.0   16:03    SE
 6  68.1  81.4   14:39  58.0   07:44   2.0   5.0  0.01   1.0  11.0   13:41   ESE
 7  68.2  80.5   16:01  57.1   23:59   1.6   4.8  0.18   1.5  17.0   22:51    SW
 8  49.7  57.1   00:00  43.4   23:58  15.3   0.0  0.00   5.3  19.0   10:08     W
 9  46.4  57.0   13:21  37.9   07:40  18.6   0.0  0.00   3.1  19.0   11:48    NW
10  47.3  63.3   16:25  34.8   06:58  17.7   0.0  0.00   0.8  11.0   11:26    SE
11  55.1  69.4   14:35  44.4   02:13  10.3   0.4  0.00   1.0  11.0   12:46    SE
12  59.7  72.6   14:51  48.5   02:49   6.7   1.5  0.30   1.3  26.0   23:03   SSW
13  48.1  54.8   16:16  39.1   23:54  16.9   0.0  0.00   4.8  23.0   01:59   WNW
14  48.2  64.4   15:57  36.1   06:51  16.8   0.0  0.00   0.6  11.0   16:16   SSE
15  57.4  71.1   14:47  44.8   07:33   8.5   0.9  0.00   0.6  11.0   12:36   SSW
16  64.4  67.6   15:05  61.4   11:41   1.0   0.4  0.54   0.7  13.0   07:05    SW
17  68.5  78.9   16:37  62.2   04:03   1.0   4.5  0.01   0.8  14.0   14:28   SSW
18  69.5  77.6   14:33  56.2   23:44   0.9   5.4  0.00   3.4  21.0   16:36   WSW
19  59.2  72.0   16:20  47.4   05:30   6.8   1.1  0.00   0.8  11.0   13:24     W
20  54.1  57.9   00:00  48.5   23:58  10.9   0.0  0.45   1.9  17.0   20:08   NNW
21  46.5  49.6   13:58  39.4   23:32  18.5   0.0  0.01   6.4  23.0   12:48    NW
22  43.0  49.4   16:31  38.5   02:42  22.0   0.0  0.00   6.0  23.0   10:39   WNW
23  51.2  63.0   16:03  41.5   00:00  13.8   0.0  0.13   1.8  15.0   22:18     W
24  46.5  52.0   16:06  40.3   23:56  18.5   0.0  0.00   7.0  25.0   13:47   WNW
25  41.4  49.7   14:43  33.7   08:07  23.6   0.0  0.00   3.3  20.0   13:03   WNW
26  35.9  40.6   15:38  31.6   03:51  29.1   0.0  0.26   5.0  20.0   23:51   ESE
27  40.7  42.8   12:17  38.1   00:00  24.3   0.0  0.18   6.5  26.0   03:07   ENE
28  43.3  55.1   16:10  30.0   07:24  21.7   0.0  0.01   1.1  11.0   21:24     S
29  60.7  69.9   15:30  50.4   00:00   5.2   0.9  0.00   3.6  18.0   11:02    SW
30  46.7  53.6   00:00  38.7   23:38  18.3   0.0  0.05   3.1  17.0   15:38    NW
31  42.3  52.2   15:12  31.5   08:09  22.7   0.0  0.01   1.6  15.0   23:09    SE
----------------------------------------------------------------------------------
    53.7  81.4     6    30.0    28   379.5  30.6  2.71   2.8  26.0    12     WNW

Max >=  80.0:  2
Max <=  32.0:  0
Min <=  32.0:  3
Min <=   0.0:  0
Max Rain: 0.54 on day 16
Days of Rain: 16 (>= 0.01 in)  9 (>= 0.10 in)  0 (>= 1.00 in)
Heat Base: 65.0  Cool Base: 65.0  Method: Integration