NOAA style reports

NOAA-style Climate Reports

Select a Year or Month report

Report for 2016 Sep
                   Monthly Climatological Summary for Sep 2016

Name: Hog Town   City: Melvin   State: Michigan
Elevation: 830 ft  Lat: N 43° 11' 01"   Lon: W 082° 51' 43"

                  Temperature (°F), Rain (in), Wind Speed (mph)

                                      Heat  Cool        Avg
    Mean                              Deg   Deg         Wind                 Dom
Day Temp  High   Time   Low    Time   Days  Days  Rain  Speed High   Time    Dir
----------------------------------------------------------------------------------
 1  63.4  71.6   14:55  57.1   23:17   2.7   1.3  0.02   4.1  18.0   18:26   NNW
 2  63.1  72.4   15:36  54.3   23:59   3.7   1.7  0.00   2.6  17.0   12:59    NE
 3  63.9  79.8   17:50  49.1   05:39   5.3   4.3  0.00   1.4  11.0   10:12   ESE
 4  66.3  83.4   16:17  51.5   05:59   4.0   5.3  0.01   1.3  12.0   17:03   ESE
 5  71.1  88.1   15:34  55.8   05:43   2.3   8.4  0.01   0.9  11.0   12:07    SE
 6  78.4  93.2   15:09  66.5   07:08   0.0  13.4  0.00   0.9  11.0   12:53     W
 7  79.6  91.0   14:46  71.1   07:43   0.0  14.6  0.00   1.3  22.0   23:37     W
 8  75.7  83.8   14:28  70.7   23:59   0.0  10.7  0.06   2.5  18.0   15:57     W
 9  73.1  82.8   17:11  67.0   07:24   0.0   8.1  0.00   1.5   9.0   04:05   WSW
10  67.1  74.1   15:09  60.5   23:24   0.9   3.0  0.53   3.2  37.0   17:28    SW
11  61.2  72.3   16:36  53.9   07:12   4.9   1.1  0.00   3.2  15.0   10:16     W
12  64.1  79.8   15:43  50.8   06:38   5.1   4.2  0.00   0.4  12.0   14:33   SSE
13  68.8  83.9   15:34  54.7   04:34   3.2   7.1  0.00   1.1  10.0   14:05   WSW
14  63.4  72.1   16:07  52.4   23:54   2.9   1.3  0.01   2.9  15.0   01:14   NNW
15  60.0  75.6   14:55  45.7   07:28   7.2   2.2  0.01   1.5  11.0   18:15   ESE
16  64.8  79.6   15:11  50.7   06:55   4.4   4.2  0.01   2.3  17.0   15:19   ESE
17  68.3  74.1   17:02  64.5   23:54   0.0   3.3  0.96   0.6  14.0   11:45   WSW
18  67.6  77.0   14:20  61.2   06:05   1.1   3.8  0.00   1.4  16.0   13:38     W
19  69.0  85.8   14:40  55.5   07:23   2.6   6.6  0.01   0.4  10.0   16:10    SW
20  69.3  81.8   15:26  58.1   23:59   0.6   4.9  0.00   1.7  16.0   14:51   NNW
21  66.3  82.5   16:42  52.1   04:41   3.8   5.1  0.00   0.5  14.0   13:09     S
22  71.2  83.3   13:04  59.4   07:28   1.0   7.2  0.00   0.6  11.0   12:37   WSW
23  65.3  71.8   00:00  57.7   21:44   1.3   1.6  0.00   2.5  17.0   17:59     N
24  57.9  67.2   16:18  49.3   23:58   7.2   0.2  0.00   2.2  15.0   12:07   ENE
25  59.8  74.0   14:08  47.4   07:24   7.2   2.0  0.00   2.4  14.0   13:23   ESE
26  60.6  67.2   16:45  52.3   22:27   4.5   0.1  0.06   2.8  21.0   02:35    SW
27  56.6  66.9   16:01  47.5   07:26   8.5   0.0  0.00   1.3  19.0   12:12   WSW
28  59.9  68.5   16:07  49.7   08:06   5.5   0.4  0.03   2.6  22.0   21:07     E
29  61.0  65.0   15:20  58.3   21:57   4.0   0.0  0.22   7.4  24.0   07:08     E
30  58.1  59.8   12:38  55.8   23:45   6.9   0.0  0.52   6.3  19.0   00:51     E
----------------------------------------------------------------------------------
    65.8  93.2     6    45.7    15   100.8 126.1  2.46   2.1  37.0    10     ENE

Max >=  80.0: 11
Max <=  32.0:  0
Min <=  32.0:  0
Min <=   0.0:  0
Max Rain: 0.96 on day 17
Days of Rain: 14 (>= 0.01 in)  4 (>= 0.10 in)  0 (>= 1.00 in)
Heat Base: 65.0  Cool Base: 65.0  Method: Integration