NOAA style reports

NOAA-style Climate Reports

Select a Year or Month report
V/Λ2017 > Jan Feb Mar Apr May Jun Jul Aug Sep Oct Nov Dec
V/Λ2016 > Jan Feb Mar Apr May Jun Jul Aug Sep Oct Nov Dec
V/Λ2015 > Jan Feb Mar Apr May Jun Jul Aug Sep Oct Nov Dec

Report for 2016 Aug
                   Monthly Climatological Summary for Aug 2016

Name: Hog Town   City: Melvin   State: Michigan
Elevation: 830 ft  Lat: N 43° 11' 01"   Lon: W 082° 51' 43"

                  Temperature (°F), Rain (in), Wind Speed (mph)

                                      Heat  Cool        Avg
    Mean                              Deg   Deg         Wind                 Dom
Day Temp  High   Time   Low    Time   Days  Days  Rain  Speed High   Time    Dir
----------------------------------------------------------------------------------
 1  71.2  85.0   16:13  61.1   05:04   0.8   7.0  0.00   1.4  11.0   11:54   NNE
 2  75.1  92.3   15:29  60.5   05:11   0.9  11.0  0.00   1.1  10.0   14:14     E
 3  78.4  94.6   14:50  61.4   06:35   0.2  13.6  0.00   0.8  10.0   11:15   ESE
 4  79.5  95.3   14:41  64.4   05:13   0.0  14.5  0.00   0.9  10.0   11:44   ESE
 5  78.9  88.3   13:56  69.0   23:57   0.0  13.9  0.00   2.8  18.0   16:35   WSW
 6  72.2  82.2   17:20  61.8   06:38   0.4   7.5  0.00   2.1  14.0   13:54     W
 7  68.8  80.0   16:06  60.0   06:43   1.0   4.8  0.00   2.1  13.0   09:25    NW
 8  69.8  85.1   17:14  55.4   05:25   2.4   7.2  0.00   2.4  15.0   10:24   ENE
 9  77.0  94.3   17:18  59.2   04:20   0.8  12.8  0.00   1.3  13.0   14:03   ESE
10  79.2  94.3   19:13  66.8   06:03   0.0  14.3  0.00   1.7  16.0   15:56     W
11  78.7  92.1   12:23  69.0   04:14   0.0  13.7  0.21   0.7  19.0   12:52   SSE
12  80.1  91.7   15:46  72.7   23:59   0.0  15.1  0.20   2.1  14.0   10:16   WSW
13  76.7  86.7   14:10  70.9   23:53   0.0  11.7  0.38   1.6  17.0   14:54    SW
14  73.3  83.7   18:37  68.2   23:53   0.0   8.3  0.06   2.1  12.0   10:02     W
15  74.2  85.2   15:27  64.5   05:30   0.0   9.2  0.00   0.6  11.0   19:40   ESE
16  71.8  78.6   18:07  65.3   23:49   0.0   6.8  1.21   3.9  20.0   05:28   WNW
17  72.3  87.7   14:37  64.9   00:34   0.0   7.3  0.27   0.9  12.0   15:29    SW
18  73.1  89.4   19:22  62.9   06:57   0.3   8.4  0.01   0.9   7.0   14:43     W
19  75.4  88.7   14:05  65.5   03:40   0.0  10.4  0.02   0.9  18.0   14:51   SSW
20  75.2  86.9   13:28  65.7   06:43   0.0  10.2  0.00   1.0  13.0   19:46   SSE
21  66.1  73.2   14:22  61.5   22:49   0.9   2.0  0.05   4.2  22.0   14:47     W
22  65.3  77.6   19:29  55.1   06:51   3.0   3.3  0.00   1.3  12.0   13:42     W
23  70.1  85.8   16:40  55.5   06:59   2.3   7.4  0.00   0.9  13.0   14:41    SW
24  72.3  85.1   14:23  62.5   06:58   0.6   7.9  0.14   0.7  10.0   11:35     S
25  73.4  80.5   12:55  68.6   23:48   0.0   8.4  0.24   1.1  11.0   16:46     W
26  70.6  81.2   16:33  59.7   06:16   0.8   6.4  0.01   2.0  12.0   16:34     W
27  69.5  80.3   13:09  62.1   05:20   0.5   5.0  0.50   2.1  16.0   17:56    SE
28  73.9  83.0   15:41  66.6   23:51   0.0   8.9  0.01   2.0  11.0   10:05   WNW
29  71.6  85.7   15:57  62.8   03:03   0.2   6.8  0.00   1.5  11.0   17:01     E
30  72.6  87.0   14:58  61.5   04:31   0.8   8.5  0.00   0.6  10.0   15:11   WSW
31  69.1  76.1   16:01  59.6   23:42   0.5   4.6  0.00   2.5  15.0   16:33   NNW
----------------------------------------------------------------------------------
    73.4  95.3     4    55.1    22    16.4 276.9  3.31   1.6  22.0    21       W

Max >=  80.0: 27
Max <=  32.0:  0
Min <=  32.0:  0
Min <=   0.0:  0
Max Rain: 1.21 on day 16
Days of Rain: 14 (>= 0.01 in)  8 (>= 0.10 in)  1 (>= 1.00 in)
Heat Base: 65.0  Cool Base: 65.0  Method: Integration