NOAA style reports

NOAA-style Climate Reports

Select a Year or Month report

Report for 2016 Jul
                   Monthly Climatological Summary for Jul 2016

Name: Hog Town   City: Melvin   State: Michigan
Elevation: 830 ft  Lat: N 43° 11' 01"   Lon: W 082° 51' 43"

                  Temperature (°F), Rain (in), Wind Speed (mph)

                                      Heat  Cool        Avg
    Mean                              Deg   Deg         Wind                 Dom
Day Temp  High   Time   Low    Time   Days  Days  Rain  Speed High   Time    Dir
----------------------------------------------------------------------------------
 1  64.0  69.5   17:20  56.4   23:59   1.9   0.9  0.28   4.4  23.0   12:42     W
 2  65.3  78.9   18:30  51.8   06:21   4.2   4.5  0.00   2.2  14.0   16:54   WSW
 3  70.0  85.7   16:14  55.5   05:52   2.0   7.0  0.00   1.7  13.0   18:07     E
 4  71.8  86.8   17:54  54.4   05:16   2.3   9.2  0.00   1.6  18.0   11:03   ESE
 5  75.5  84.5   16:14  66.4   06:26   0.0  10.5  0.00   2.4  15.0   16:32   WSW
 6  76.3  89.7   13:15  62.1   05:10   0.3  11.6  0.00   0.6  14.0   18:10   SSW
 7  74.8  85.9   14:21  66.6   06:17   0.0   9.8  0.00   3.0  13.0   15:28   NNE
 8  71.1  88.8   15:45  64.3   06:25   0.0   6.1  1.60   2.0  27.0   00:12   WNW
 9  67.1  74.2   18:00  61.0   06:00   0.7   2.8  0.01   4.5  19.0   12:41     W
10  69.9  86.1   15:53  58.8   06:29   1.3   6.2  0.00   2.5  13.0   17:32     N
11  74.0  86.0   13:19  64.5   01:11   0.0   9.1  0.00   1.4  11.0   14:50   ESE
12  78.4  92.2   14:17  65.6   04:44   0.0  13.4  0.34   1.7  21.0   21:09   SSE
13  77.1  91.7   18:03  68.3   05:59   0.0  12.1  0.57   1.2  19.0   20:16    SW
14  75.5  84.6   14:26  69.2   05:02   0.0  10.5  0.00   3.2  22.0   17:38   WSW
15  67.2  75.4   16:59  61.9   23:49   0.3   2.5  0.00   3.3  14.0   08:06     W
16  66.6  80.7   18:29  59.2   06:46   2.0   3.7  0.00   1.9  13.0   14:45   NNE
17  71.3  84.5   19:42  55.6   06:31   2.4   8.7  0.00   1.1  12.0   14:31     S
18  75.5  82.3   17:06  62.2   23:58   0.1  10.6  0.00   4.6  17.0   09:04   WSW
19  67.8  79.8   15:09  57.3   23:56   2.0   4.7  0.00   1.9  14.0   19:18    NE
20  71.5  90.8   18:49  53.3   04:18   3.3   9.8  0.00   0.7  10.0   14:55   WSW
21  77.1  88.4   12:54  66.1   06:20   0.0  12.1  0.00   1.4  16.0   20:04    SW
22  82.1  91.1   16:14  74.3   00:00   0.0  17.1  0.00   3.9  17.0   03:20   WSW
23  77.7  92.5   14:08  65.3   06:24   0.0  12.7  0.00   2.4  14.0   15:06    NE
24  74.0  86.5   18:07  66.2   00:10   0.0   9.0  0.22   1.1   9.0   07:51   ESE
25  78.7  85.4   15:14  69.2   23:57   0.0  13.7  0.00   3.4  17.0   16:15     W
26  74.3  88.1   16:20  60.1   05:54   0.6   9.9  0.00   1.3  10.0   13:46     W
27  75.6  92.9   16:14  64.0   05:42   0.0  10.6  0.00   1.8  23.0   18:23     W
28  72.6  84.3   15:52  63.1   05:17   0.2   7.9  0.00   2.4  16.0   11:58   NNE
29  70.6  80.5   14:59  64.2   23:34   0.0   5.7  0.00   3.3  17.0   13:31     N
30  68.9  74.3   17:07  64.3   00:00   0.0   3.9  0.03   3.6  15.0   09:15   NNE
31  70.1  79.1   15:13  63.1   04:31   0.3   5.4  0.15   2.4  11.0   03:31     N
----------------------------------------------------------------------------------
    72.7  92.9    27    51.8     2    23.9 261.7  3.20   2.4  27.0     8     WNW

Max >=  80.0: 24
Max <=  32.0:  0
Min <=  32.0:  0
Min <=   0.0:  0
Max Rain: 1.60 on day 8
Days of Rain: 8 (>= 0.01 in)  6 (>= 0.10 in)  1 (>= 1.00 in)
Heat Base: 65.0  Cool Base: 65.0  Method: Integration