NOAA style reports

NOAA-style Climate Reports

Select a Year or Month report

Report for 2016 Jun
                   Monthly Climatological Summary for Jun 2016

Name: Hog Town   City: Melvin   State: Michigan
Elevation: 830 ft  Lat: N 43° 11' 01"   Lon: W 082° 51' 43"

                  Temperature (°F), Rain (in), Wind Speed (mph)

                                      Heat  Cool        Avg
    Mean                              Deg   Deg         Wind                 Dom
Day Temp  High   Time   Low    Time   Days  Days  Rain  Speed High   Time    Dir
----------------------------------------------------------------------------------
 1  68.7  84.6   15:09  53.8   00:22   3.3   7.0  0.00   2.8  17.0   08:39     E
 2  71.2  81.0   15:09  62.8   04:59   0.4   6.5  0.00   2.9  17.0   09:52   WSW
 3  67.0  80.6   15:14  53.0   06:23   2.8   4.8  0.00   2.5  13.0   17:32    NE
 4  67.9  84.9   16:07  55.4   03:54   3.1   6.0  0.70   2.3  16.0   13:30     E
 5  64.0  72.0   16:23  58.7   23:46   2.1   1.1  0.31   3.4  25.0   16:31    SW
 6  65.9  78.5   15:31  57.1   06:00   2.3   3.2  0.00   3.6  25.0   16:09    SW
 7  57.1  64.3   18:38  51.9   23:55   7.9   0.0  0.00   6.2  20.0   18:56     W
 8  53.2  66.4   18:02  44.2   03:40  11.8   0.1  0.00   6.4  22.0   10:56     W
 9  57.7  75.5   17:50  44.7   05:33   8.5   1.3  0.00   3.3  15.0   11:18     W
10  68.2  85.9   15:31  51.1   06:03   4.1   7.2  0.00   2.0  14.0   13:48     E
11  77.7  90.0   17:18  64.1   23:59   0.0  12.7  0.14   5.0  23.0   16:54   WSW
12  62.6  73.4   17:07  53.1   06:03   3.9   1.5  0.00   5.5  21.0   09:02   WNW
13  58.7  68.8   12:45  49.5   04:01   6.6   0.3  0.00   1.7  13.0   17:32    NE
14  63.1  79.8   16:28  49.0   04:53   5.5   3.6  0.00   3.0  16.0   09:44     E
15  65.8  76.0   15:04  57.5   05:24   2.4   3.2  0.00   4.7  14.0   12:05     E
16  64.4  73.2   19:19  61.3   07:00   1.4   0.9  1.42   3.7  15.0   04:00    NE
17  71.7  87.8   15:04  56.4   05:26   2.0   8.7  0.00   2.4  10.0   03:11    NW
18  74.3  92.9   18:19  56.7   05:41   1.7  11.0  0.00   1.1  10.0   19:33     N
19  78.9  94.8   14:14  64.4   03:21   0.0  13.9  0.00   0.6  11.0   16:21    SW
20  78.0  88.5   15:24  62.2   23:57   0.1  13.1  0.00   3.9  28.0   17:15   WSW
21  67.9  80.7   13:43  51.2   05:48   2.9   5.7  0.00   2.2  20.0   18:21   WSW
22  66.1  80.0   14:24  55.4   05:22   2.3   3.5  0.00   2.3  14.0   16:34   ENE
23  66.4  77.5   16:24  57.8   00:47   2.4   3.8  0.00   3.3  19.0   09:37    NE
24  68.2  83.9   18:22  50.2   05:12   3.9   7.1  0.00   1.9  10.0   09:59    NE
25  74.5  91.5   17:26  56.0   05:40   2.1  11.6  0.00   0.8  11.0   14:48   ESE
26  77.5  90.8   15:08  65.1   04:42   0.0  12.5  0.00   1.3  18.0   18:36   WSW
27  75.8  88.8   16:03  63.9   23:53   0.0  10.7  0.00   3.6  25.0   15:05   WSW
28  61.0  65.0   19:12  53.0   23:45   4.0   0.0  0.02   4.4  20.0   12:40   WNW
29  62.9  79.2   16:39  48.7   05:16   5.8   3.8  0.00   2.8  15.0   12:01   WNW
30  68.4  87.0   18:21  51.1   06:01   3.7   7.1  0.00   1.2  15.0   16:35   WSW
----------------------------------------------------------------------------------
    67.5  94.8    19    44.2     8    97.0 171.9  2.59   3.0  28.0    20       W

Max >=  80.0: 17
Max <=  32.0:  0
Min <=  32.0:  0
Min <=   0.0:  0
Max Rain: 1.42 on day 16
Days of Rain: 5 (>= 0.01 in)  4 (>= 0.10 in)  1 (>= 1.00 in)
Heat Base: 65.0  Cool Base: 65.0  Method: Integration