NOAA style reports

NOAA-style Climate Reports

Select a Year or Month report

Report for 2016 May
                   Monthly Climatological Summary for May 2016

Name: Hog Town   City: Melvin   State: Michigan
Elevation: 830 ft  Lat: N 43° 11' 01"   Lon: W 082° 51' 43"

                  Temperature (°F), Rain (in), Wind Speed (mph)

                                      Heat  Cool        Avg
    Mean                              Deg   Deg         Wind                 Dom
Day Temp  High   Time   Low    Time   Days  Days  Rain  Speed High   Time    Dir
----------------------------------------------------------------------------------
 1  45.1  49.1   14:00  43.0   05:28  19.9   0.0  0.19   4.7  20.0   17:59     N
 2  49.0  59.2   19:17  42.6   07:18  16.0   0.0  0.10   3.5  16.0   14:31     N
 3  52.2  66.7   16:19  37.5   05:15  12.9   0.0  0.00   2.1  21.0   16:55   SSW
 4  53.1  63.2   14:06  45.2   23:59  11.9   0.0  0.06   3.5  23.0   13:52    SE
 5  52.0  64.5   13:32  40.6   06:29  12.9   0.0  0.00   5.0  23.0   16:51   NNW
 6  56.8  74.8   16:58  41.8   06:22   9.8   1.7  0.00   2.3  11.0   12:19    NW
 7  54.6  64.4   14:36  44.6   23:58  10.3   0.0  0.02   3.5  22.0   15:15   NNW
 8  50.5  64.3   17:47  39.5   05:53  14.5   0.0  0.00   4.9  23.0   13:51     W
 9  48.2  60.5   12:25  37.0   05:15  16.8   0.0  0.00   2.9  17.0   16:28    NE
10  49.9  57.9   15:17  38.4   00:43  15.1   0.0  0.00   7.0  25.0   15:07     E
11  59.7  74.9   15:28  48.1   07:08   7.1   1.8  0.01   5.2  21.0   10:54     E
12  62.9  77.9   16:39  51.5   04:36   5.2   3.1  0.61   2.4  26.0   19:32    SE
13  59.0  66.9   16:38  50.1   23:58   6.0   0.0  0.01   5.6  19.0   17:43   WSW
14  44.4  50.1   00:00  39.7   23:49  20.6   0.0  0.86   7.7  28.0   12:18     W
15  40.2  45.4   18:38  36.0   05:53  25.9   0.0  0.00   6.5  23.0   15:51     W
16  52.8  66.8   15:27  36.0   04:23  12.3   0.1  0.00   4.1  26.0   17:14    SW
17  51.9  64.7   13:57  43.2   23:16  13.1   0.0  0.00   3.1  17.0   15:09    NE
18  52.9  66.1   12:27  38.0   03:49  12.1   0.0  0.00   2.9  17.0   15:27   NNE
19  55.8  69.8   14:41  39.4   04:53   9.9   0.7  0.00   2.2  13.0   11:59    NE
20  59.1  72.4   13:49  45.0   04:56   7.5   1.6  0.00   2.8  17.0   16:20     E
21  62.1  74.2   16:30  53.2   03:23   4.9   1.9  0.00   2.6  17.0   13:38   NNW
22  57.8  66.3   16:54  47.7   23:31   7.3   0.0  0.00   4.2  21.0   11:48   NNW
23  62.6  83.9   17:27  39.7   05:37   8.1   5.7  0.00   1.0  11.0   13:09   WSW
24  70.9  89.1   15:31  50.1   05:07   3.3   9.3  0.00   1.2  18.0   10:58    SW
25  75.7  92.1   14:49  61.5   04:37   0.2  10.9  0.00   1.5  15.0   10:33    SW
26  76.6  89.0   16:53  65.2   05:16   0.0  11.6  0.06   1.1  16.0   22:55     S
27  75.8  87.4   13:58  65.4   06:09   0.0  10.4  0.00   1.5  16.0   22:55   ESE
28  76.9  89.0   11:56  65.6   05:05   0.0  11.9  0.00   1.2  16.0   15:09    SE
29  74.2  88.3   15:04  66.3   16:38   0.0   9.2  0.44   1.2  33.0   16:23   SSW
30  71.7  81.3   18:09  62.2   06:18   0.2   7.0  0.00   2.7  13.0   12:18   WSW
31  66.2  77.5   12:31  53.8   23:27   2.7   3.9  0.00   2.3  14.0   17:34   NNE
----------------------------------------------------------------------------------
    58.7  92.1    25    36.0    15   286.5  90.8  2.36   3.3  33.0    29      NW

Max >=  80.0:  8
Max <=  32.0:  0
Min <=  32.0:  0
Min <=   0.0:  0
Max Rain: 0.86 on day 14
Days of Rain: 10 (>= 0.01 in)  5 (>= 0.10 in)  0 (>= 1.00 in)
Heat Base: 65.0  Cool Base: 65.0  Method: Integration