NOAA style reports

NOAA-style Climate Reports

Select a Year or Month report

Report for 2016 Apr
                   Monthly Climatological Summary for Apr 2016

Name: Hog Town   City: Melvin   State: Michigan
Elevation: 830 ft  Lat: N 43° 11' 01"   Lon: W 082° 51' 43"

                  Temperature (°F), Rain (in), Wind Speed (mph)

                                      Heat  Cool        Avg
    Mean                              Deg   Deg         Wind                 Dom
Day Temp  High   Time   Low    Time   Days  Days  Rain  Speed High   Time    Dir
----------------------------------------------------------------------------------
 1  43.9  51.9   00:00  38.4   08:11  21.1   0.0  0.00   6.0  22.0   10:57    SW
 2  31.3  41.4   00:33  24.1   23:58  33.7   0.0  0.08   6.2  36.0   21:45     W
 3  25.4  29.6   18:20  20.8   06:31  39.6   0.0  0.05   8.2  28.0   01:15   ESE
 4  26.3  29.7   15:13  20.8   23:01  38.7   0.0  0.02   6.7  21.0   01:06   NNW
 5  28.5  41.1   17:10  19.7   06:54  36.4   0.0  0.00   3.3  13.0   22:02   SSW
 6  36.6  44.3   23:39  29.4   01:16  28.4   0.0  0.10   4.7  28.0   09:39   ESE
 7  34.4  44.2   00:00  28.8   21:38  30.6   0.0  0.00   7.9  24.0   21:13     W
 8  30.6  41.6   15:43  24.8   06:58  34.3   0.0  0.00   6.8  28.0   01:15   WNW
 9  26.4  29.5   18:32  22.8   23:55  38.6   0.0  0.00   6.3  28.0   11:21    NW
10  28.7  34.2   23:58  22.6   01:31  36.3   0.0  0.25   4.6  22.0   15:21   ESE
11  44.2  58.5   14:06  34.2   00:00  20.8   0.0  0.05   5.3  25.0   17:06    SW
12  36.2  44.2   18:21  29.9   23:58  28.8   0.0  0.00   6.0  23.0   10:50     W
13  38.6  50.7   14:03  28.6   03:44  26.4   0.0  0.00   3.3  16.0   18:04     E
14  42.4  53.5   15:15  31.9   06:52  22.6   0.0  0.00   4.6  16.0   11:31    NE
15  49.3  67.0   15:59  32.7   05:55  15.9   0.1  0.00   4.2  16.0   16:39   ENE
16  57.2  75.8   15:48  41.6   06:52  10.2   2.4  0.00   3.3  15.0   16:10   ENE
17  59.4  76.6   14:16  42.4   06:04   8.8   3.1  0.00   2.2  15.0   14:31   ENE
18  63.6  81.2   16:32  46.5   05:21   6.6   5.2  0.00   2.7  19.0   20:33    SW
19  46.6  60.0   17:03  37.2   08:03  18.4   0.0  0.00   5.1  18.0   05:24   NNW
20  52.2  66.6   15:52  38.5   06:51  12.9   0.1  0.00   4.8  22.0   10:33     E
21  52.9  59.2   15:32  46.4   10:33  12.1   0.0  0.20   2.4  13.0   09:33    SE
22  48.8  56.4   00:00  36.6   23:54  16.2   0.0  0.00   3.9  17.0   18:39   NNW
23  41.5  52.6   15:22  32.9   06:37  23.4   0.0  0.00   3.9  19.0   08:57     N
24  45.6  57.7   14:07  30.8   06:35  19.4   0.0  0.00   2.7  12.0   12:58     E
25  55.5  68.9   16:01  45.2   23:58   9.8   0.4  0.28   5.7  19.0   10:17     E
26  41.2  45.2   00:00  34.8   23:42  23.8   0.0  0.38   5.1  20.0   02:02     N
27  42.7  56.1   13:00  30.7   05:49  22.3   0.0  0.00   3.4  17.0   15:17   NNE
28  41.9  48.9   15:04  35.9   01:32  23.1   0.0  0.00   6.1  21.0   12:45    NE
29  45.1  52.5   16:58  40.7   01:06  19.9   0.0  0.02   2.8  14.0   11:11   NNE
30  48.2  58.9   14:46  40.5   01:37  16.8   0.0  0.14   4.8  19.0   11:45   ENE
----------------------------------------------------------------------------------
    42.2  81.2    18    19.7     5   695.9  11.3  1.57   4.8  36.0     2     NNE

Max >=  80.0:  1
Max <=  32.0:  3
Min <=  32.0: 14
Min <=   0.0:  0
Max Rain: 0.38 on day 26
Days of Rain: 11 (>= 0.01 in)  6 (>= 0.10 in)  0 (>= 1.00 in)
Heat Base: 65.0  Cool Base: 65.0  Method: Integration