NOAA style reports

NOAA-style Climate Reports

Select a Year or Month report
V/Λ2017 > Jan Feb Mar Apr May Jun Jul Aug Sep Oct Nov Dec
V/Λ2016 > Jan Feb Mar Apr May Jun Jul Aug Sep Oct Nov Dec
V/Λ2015 > Jan Feb Mar Apr May Jun Jul Aug Sep Oct Nov Dec

Report for 2016 Mar
                   Monthly Climatological Summary for Mar 2016

Name: Hog Town   City: Melvin   State: Michigan
Elevation: 830 ft  Lat: N 43° 11' 01"   Lon: W 082° 51' 43"

                  Temperature (°F), Rain (in), Wind Speed (mph)

                                      Heat  Cool        Avg
    Mean                              Deg   Deg         Wind                 Dom
Day Temp  High   Time   Low    Time   Days  Days  Rain  Speed High   Time    Dir
----------------------------------------------------------------------------------
 1  22.1  25.3   11:51  18.8   21:25  42.9   0.0  0.10   7.4  28.0   23:10   NNE
 2  18.5  22.4   16:30  12.8   23:20  46.5   0.0  0.00   5.2  23.0   01:46     W
 3  22.5  31.3   14:12  10.3   04:46  42.5   0.0  0.01   1.2  11.0   10:39     E
 4  23.9  37.9   16:08  13.2   08:26  41.1   0.0  0.01   1.3   9.0   13:08   WNW
 5  28.5  33.7   15:01  22.6   00:00  36.5   0.0  0.02   2.3  13.0   10:29   ENE
 6  29.4  38.6   15:08  12.4   07:17  35.6   0.0  0.00   3.8  21.0   20:52    SE
 7  48.2  62.7   16:37  35.7   05:35  16.8   0.0  0.01   3.4  18.0   00:11   SSE
 8  55.8  68.5   15:52  45.1   05:37   9.6   0.3  0.03   3.2  14.0   16:41    SE
 9  60.8  70.6   14:07  55.2   08:25   4.9   0.7  0.00   3.8  21.0   14:09     S
10  46.3  58.2   00:00  38.8   23:50  18.7   0.0  0.10   2.7  13.0   15:18    NW
11  37.6  46.4   15:33  31.3   22:06  27.4   0.0  0.00   3.2  15.0   03:38   NNE
12  44.8  59.5   15:26  30.4   07:00  20.2   0.0  0.00   1.7  11.0   13:21   SSE
13  46.0  50.9   12:43  40.0   23:14  18.2   0.0  0.11   6.4  19.0   20:18   ENE
14  48.8  56.4   15:36  40.2   00:00  16.2   0.0  0.01   4.0  14.0   01:15    SE
15  42.1  49.0   00:23  34.1   22:28  22.9   0.0  0.00   3.3  14.0   22:20    NE
16  48.2  57.8   13:07  36.6   00:00  16.8   0.0  0.16   9.3  36.0   07:12    SE
17  44.8  50.0   00:00  39.3   23:10  20.2   0.0  0.00   7.1  29.0   13:58    SW
18  35.2  40.1   12:33  26.7   23:57  29.8   0.0  0.00   4.4  15.0   08:51    NW
19  29.3  36.4   13:44  23.5   07:16  35.7   0.0  0.00   3.9  19.0   14:48     N
20  31.4  41.6   16:38  24.2   01:47  33.6   0.0  0.00   2.2  13.0   12:09   NNW
21  33.3  41.1   18:02  26.5   05:10  31.7   0.0  0.00   4.6  19.0   14:34     W
22  41.0  55.0   15:42  30.5   06:23  24.0   0.0  0.06   2.5  17.0   16:31   SSE
23  35.7  44.1   00:00  32.8   16:36  29.3   0.0  0.45   5.6  19.0   10:03     N
24  37.5  52.1   19:33  33.0   03:47  27.5   0.0  0.71   6.7  23.0   23:30   ENE
25  31.2  39.7   19:13  27.1   07:44  33.8   0.0  0.00   7.5  30.0   00:48     W
26  36.5  49.0   16:26  25.9   07:04  28.5   0.0  0.00   2.1  13.0   13:09   ESE
27  47.5  66.4   17:10  30.4   06:21  17.5   0.1  0.17   3.8  14.0   21:59   ESE
28  41.3  49.6   00:00  35.3   08:22  23.7   0.0  0.87   9.2  34.0   08:58     W
29  37.2  50.2   16:34  30.2   07:16  27.8   0.0  0.00   4.4  14.0   11:20   WNW
30  45.4  58.6   20:43  31.7   00:00  19.6   0.0  0.08   3.8  18.0   17:12    SE
31  56.1  60.4   17:58  51.9   23:58   8.9   0.0  0.51   7.5  42.0   19:52   SSE
----------------------------------------------------------------------------------
    38.9  70.6     9    10.3     3   808.4   1.1  3.41   4.4  42.0    31     SSE

Max >=  80.0:  0
Max <=  32.0:  3
Min <=  32.0: 18
Min <=   0.0:  0
Max Rain: 0.87 on day 28
Days of Rain: 17 (>= 0.01 in)  9 (>= 0.10 in)  0 (>= 1.00 in)
Heat Base: 65.0  Cool Base: 65.0  Method: Integration