NOAA style reports

NOAA-style Climate Reports

Select a Year or Month report
V/Λ2017 > Jan Feb Mar Apr May Jun Jul Aug Sep Oct Nov Dec
V/Λ2016 > Jan Feb Mar Apr May Jun Jul Aug Sep Oct Nov Dec
V/Λ2015 > Jan Feb Mar Apr May Jun Jul Aug Sep Oct Nov Dec

Report for 2016 Feb
                   Monthly Climatological Summary for Feb 2016

Name: Hog Town   City: Melvin   State: Michigan
Elevation: 830 ft  Lat: N 43° 11' 01"   Lon: W 082° 51' 43"

                  Temperature (°F), Rain (in), Wind Speed (mph)

                                      Heat  Cool        Avg
    Mean                              Deg   Deg         Wind                 Dom
Day Temp  High   Time   Low    Time   Days  Days  Rain  Speed High   Time    Dir
----------------------------------------------------------------------------------
 1  36.9  45.4   14:13  31.1   07:21  28.1   0.0  0.01   3.8  19.0   01:57     W
 2  33.8  37.1   12:15  29.0   02:56  31.2   0.0  0.14   7.9  30.0   18:39     E
 3  44.2  57.2   11:36  34.5   23:51  20.8   0.0  0.01   6.7  28.0   13:53   SSW
 4  29.9  34.5   00:00  22.7   23:47  35.1   0.0  0.03   4.3  17.0   02:42     W
 5  27.9  35.6   13:54  19.0   06:58  37.1   0.0  0.00   2.1  10.0   02:05    SW
 6  31.3  39.2   14:36  23.1   07:26  33.7   0.0  0.00   3.6  15.0   13:26    SW
 7  38.0  46.4   15:07  30.8   06:24  27.0   0.0  0.00   3.4  16.0   20:25   SSE
 8  37.6  41.3   00:07  32.8   23:58  27.4   0.0  0.00   2.4  13.0   17:47     W
 9  27.7  32.8   00:00  22.7   23:56  37.3   0.0  0.07   7.8  23.0   16:27     W
10  15.5  22.7   00:00   7.9   23:20  49.5   0.0  0.00   8.1  24.0   12:53   WNW
11   9.1  15.5   16:03   3.5   05:19  55.9   0.0  0.00   5.5  24.0   11:16   WNW
12  13.4  21.8   13:24   3.5   23:56  51.6   0.0  0.00   7.1  27.0   19:29     W
13   2.4   8.5   15:55  -3.1   07:36  62.6   0.0  0.00   4.6  24.0   00:14   WNW
14   8.0  17.6   13:51  -3.8   01:57  57.0   0.0  0.00   3.0  15.0   23:41    SE
15  20.7  26.0   16:28  11.5   00:00  44.3   0.0  0.01   4.0  14.0   00:05    SE
16  26.1  28.3   12:00  25.1   19:53  38.9   0.0  0.00   3.2  13.0   12:42   WNW
17  22.9  27.1   07:16   9.6   23:58  42.1   0.0  0.00   3.9  21.0   12:43    NW
18  18.6  29.9   15:58   2.4   06:34  46.4   0.0  0.00   3.3  18.0   18:28    SE
19  40.6  55.7   16:51  26.6   00:00  24.4   0.0  0.00   8.6  49.0   23:39     S
20  46.1  54.5   14:00  37.5   21:25  18.8   0.0  0.00   7.6  46.0   02:02    SW
21  35.4  39.3   00:00  27.8   22:56  29.6   0.0  0.00   3.5  15.0   08:59   NNW
22  28.9  32.7   14:49  24.4   23:49  36.1   0.0  0.00   3.9  14.0   16:08   ENE
23  31.6  41.3   14:32  24.0   01:45  33.4   0.0  0.00   4.0  14.0   12:11     E
24  31.1  32.5   12:13  29.8   02:09  33.9   0.0  0.55   7.2  25.0   13:41   NNE
25  27.7  31.0   05:46  21.4   23:58  37.3   0.0  0.06  10.4  28.0   12:55    NW
26  22.7  29.5   14:59  12.7   06:56  42.3   0.0  0.00   4.4  19.0   01:19     W
27  34.7  43.5   16:25  25.4   06:54  30.3   0.0  0.00   6.0  22.0   15:29   SSW
28  47.3  55.8   16:31  37.0   05:59  17.7   0.0  0.21   5.6  19.0   14:04   SSW
29  31.4  46.3   00:00  21.0   23:58  33.6   0.0  0.00   9.9  36.0   16:26     W
----------------------------------------------------------------------------------
    28.3  57.2     3    -3.8    14  1063.4   0.0  1.09   5.4  49.0    19     WSW

Max >=  80.0:  0
Max <=  32.0: 11
Min <=  32.0: 25
Min <=   0.0:  2
Max Rain: 0.55 on day 24
Days of Rain: 9 (>= 0.01 in)  3 (>= 0.10 in)  0 (>= 1.00 in)
Heat Base: 65.0  Cool Base: 65.0  Method: Integration