NOAA style reports

NOAA-style Climate Reports

Select a Year or Month report
V/Λ2017 > Jan Feb Mar Apr May Jun Jul Aug Sep Oct Nov Dec
V/Λ2016 > Jan Feb Mar Apr May Jun Jul Aug Sep Oct Nov Dec
V/Λ2015 > Jan Feb Mar Apr May Jun Jul Aug Sep Oct Nov Dec

Report for 2016 Jan
                   Monthly Climatological Summary for Jan 2016

Name: Hog Town   City: Melvin   State: Michigan
Elevation: 830 ft  Lat: N 43° 11' 01"   Lon: W 082° 51' 43"

                  Temperature (°F), Rain (in), Wind Speed (mph)

                                      Heat  Cool        Avg
    Mean                              Deg   Deg         Wind                 Dom
Day Temp  High   Time   Low    Time   Days  Days  Rain  Speed High   Time    Dir
----------------------------------------------------------------------------------
 1  26.2  29.2   00:38  24.2   17:17  38.8   0.0  0.01   5.7  21.0   01:11   WSW
 2  30.1  34.8   15:49  27.1   02:27  34.9   0.0  0.00   5.2  17.0   23:26    SW
 3  28.0  32.6   00:42  20.8   21:32  37.0   0.0  0.00   6.9  21.0   08:17   WNW
 4  18.1  23.0   00:00   9.1   20:03  46.9   0.0  0.02   4.5  17.0   02:39   NNW
 5  16.9  28.1   14:14   2.4   08:18  48.1   0.0  0.00   2.4  13.0   15:50   SSE
 6  25.9  35.2   14:12  16.4   07:55  39.1   0.0  0.00   2.5  11.0   01:07   SSE
 7  31.7  42.6   15:36  24.5   07:17  33.3   0.0  0.00   2.0   9.0   11:50    SE
 8  34.0  39.0   14:47  29.6   00:16  31.0   0.0  0.16   3.6  12.0   18:46   ESE
 9  41.8  45.1   13:54  37.5   00:00  23.2   0.0  0.16   3.1  13.0   22:56   SSE
10  28.5  42.6   01:59  16.4   23:41  36.5   0.0  0.09  11.1  32.0   13:52   WNW
11  13.5  16.4   00:00  11.1   07:55  51.5   0.0  0.00   6.0  23.0   00:05   WSW
12  17.9  22.3   07:08  12.1   23:58  47.1   0.0  0.03   7.6  25.0   12:53   WSW
13  14.2  18.6   12:51  10.1   01:19  50.8   0.0  0.00   5.6  20.0   07:10    SW
14  23.3  29.6   23:18  13.9   00:00  41.7   0.0  0.01   3.4  11.0   18:03    SE
15  34.1  41.3   12:59  26.3   02:14  30.9   0.0  0.29   3.5  15.0   11:44   SSE
16  29.0  35.3   01:18  27.0   11:43  35.9   0.0  0.01   7.2  22.0   11:41     W
17  16.7  27.8   00:00  11.2   22:26  48.3   0.0  0.00   8.5  24.0   13:29   WSW
18  12.6  17.5   13:53   8.9   08:00  52.4   0.0  0.00   8.9  26.0   14:55   WSW
19  14.3  20.3   16:00   9.4   07:11  50.7   0.0  0.00   5.6  20.0   13:03     W
20  16.4  21.1   12:16  13.0   23:28  48.6   0.0  0.00   1.9  12.0   15:50   WSW
21  20.9  26.4   15:10  13.2   00:00  44.1   0.0  0.00   1.9  10.0   09:46     W
22  23.8  29.2   13:39  19.8   03:06  41.2   0.0  0.00   2.3  13.0   10:59   ENE
23  24.5  27.5   12:42  19.7   23:29  40.5   0.0  0.00   4.0  24.0   04:13   NNE
24  27.1  34.8   13:23  17.2   02:14  37.9   0.0  0.00   2.6  13.0   18:02   SSW
25  33.8  39.9   14:21  27.6   08:01  31.2   0.0  0.01   3.5  17.0   23:01   SSE
26  36.0  42.4   06:39  31.8   23:30  29.0   0.0  0.02   7.1  25.0   09:24    SW
27  28.6  31.8   00:00  25.9   22:01  36.4   0.0  0.05   4.6  20.0   23:57    SW
28  30.5  34.6   14:39  26.6   02:25  34.5   0.0  0.01   6.5  24.0   23:55    SW
29  21.6  27.6   00:00  16.8   08:31  43.4   0.0  0.00   7.1  26.0   02:18   WNW
30  35.9  47.0   16:17  23.6   00:00  29.1   0.0  0.00   4.1  17.0   04:54     S
31  42.2  49.1   20:26  35.9   04:17  22.8   0.0  0.10   3.8  22.0   20:59   SSW
----------------------------------------------------------------------------------
    25.7  49.1    31     2.4     5  1216.8   0.0  0.97   4.9  32.0    10     WSW

Max >=  80.0:  0
Max <=  32.0: 16
Min <=  32.0: 29
Min <=   0.0:  0
Max Rain: 0.29 on day 15
Days of Rain: 14 (>= 0.01 in)  4 (>= 0.10 in)  0 (>= 1.00 in)
Heat Base: 65.0  Cool Base: 65.0  Method: Integration