NOAA style reports

NOAA-style Climate Reports

Select a Year or Month report
V/Λ2017 > Jan Feb Mar Apr May Jun Jul Aug Sep Oct Nov Dec
V/Λ2016 > Jan Feb Mar Apr May Jun Jul Aug Sep Oct Nov Dec
V/Λ2015 > Jan Feb Mar Apr May Jun Jul Aug Sep Oct Nov Dec

Report for 2016
                   Annual Climatological Summary for 2016

Name: Hog Town   City: Melvin   State: Michigan
Elevation: 830 ft  Lat: N 43° 11' 01"   Lon: W 082° 51' 43"

                  Temperature (°F), Heat Base: 65.0  Cool Base: 65.0
                          Dep.  Heat  Cool                       Max  Max  Min  Min
        Mean  Mean        From  Deg   Deg                        >=   <=   <=   <=
 YR MO  Max   Min   Mean  Norm  Days  Days  Hi  Date  Low  Date 80.0 32.0 32.0   0.0
------------------------------------------------------------------------------------
 16  1  32.0  19.6  25.7   0.0  1216     0  49.1  31   2.4    5    0   16   29    0
 16  2  35.5  20.3  28.3   0.0  1063     0  57.2   3  -3.8   14    0   11   25    2
 16  3  48.5  30.5  38.9   0.0   808     1  70.6   9  10.3    3    0    3   18    0
 16  4  52.6  33.0  42.2   0.0   695    11  81.2  18  19.7    5    1    3   14    0
 16  5  70.9  47.4  58.7   0.0   286    90  92.1  25  36.0   15    8    0    0    0
 16  6  80.8  55.3  67.5   0.0    97   171  94.8  19  44.2    8   17    0    0    0
 16  7  84.6  62.4  72.7   0.0    23   261  92.9  27  51.8    2   24    0    0    0
 16  8  85.7  63.4  73.4   0.0    16   276  95.3   4  55.1   22   27    0    0    0
 16  9  76.9  56.0  65.8   0.0   100   126  93.2   6  45.7   15   11    0    0    0
 16 10  63.1  45.3  53.7   0.0   379    30  81.4   6  30.0   28    2    0    3    0
 16 11  53.7  36.7  44.6   0.0   617     3  76.7   1  21.5   22    0    1    7    0
 16 12  33.0  23.1  28.0   0.0  1147     0  52.1  26   3.6   15    0   11   25    0
------------------------------------------------------------------------------------
        59.8  41.1  50.0   0.0  6453   973  95.3 Aug  -3.8  Feb   90   45  121    2

                                Precipitation (in)

              Dep.   Max        Days of Rain
              From   Obs.           >=
 YR MO Total  Norm   Day Date 0.01 0.10 1.00
---------------------------------------------
 16  1  0.97   0.0  0.29  15    14    4    0
 16  2  1.09   0.0  0.55  24     9    3    0
 16  3  3.41   0.0  0.87  28    17    9    0
 16  4  1.57   0.0  0.38  26    11    6    0
 16  5  2.36   0.0  0.86  14    10    5    0
 16  6  2.59   0.0  1.42  16     5    4    1
 16  7  3.20   0.0  1.60   8     8    6    1
 16  8  3.31   0.0  1.21  16    14    8    1
 16  9  2.46   0.0  0.96  17    14    4    0
 16 10  2.71   0.0  0.54  16    16    9    0
 16 11  1.47   0.0  0.47   3    15    5    0
 16 12  1.10   0.0  0.37  11    13    4    0
---------------------------------------------
       26.24   0.0  1.60  Jul  146   67    3

                                Wind Speed (mph)
                          Dom
 YR MO   Avg.  Hi   Date  Dir
------------------------------
 16  1   4.9  32.0   10   WSW
 16  2   5.4  49.0   19   WSW
 16  3   4.4  42.0   31     S
 16  4   4.8  36.0    2   NNE
 16  5   3.3  33.0   29   NNW
 16  6   3.0  28.0   20     W
 16  7   2.4  27.0    8     W
 16  8   1.6  22.0   21     W
 16  9   2.1  37.0   10   ENE
 16 10   2.8  26.0   12   WNW
 16 11   4.1  32.0   20   WSW
 16 12   5.3  32.0   26   WSW
------------------------------
         3.7  49.0  Feb     W