NOAA style reports

NOAA-style Climate Reports

Select a Year or Month report
V/Λ2017 > Jan Feb Mar Apr May Jun Jul Aug Sep Oct Nov Dec
V/Λ2016 > Jan Feb Mar Apr May Jun Jul Aug Sep Oct Nov Dec
V/Λ2015 > Jan Feb Mar Apr May Jun Jul Aug Sep Oct Nov Dec

Report for 2015 Dec
                   Monthly Climatological Summary for Dec 2015

Name: Hog Town   City: Melvin   State: Michigan
Elevation: 830 ft  Lat: N 43° 11' 01"   Lon: W 082° 51' 43"

                  Temperature (°F), Rain (in), Wind Speed (mph)

                                      Heat  Cool        Avg
    Mean                              Deg   Deg         Wind                 Dom
Day Temp  High   Time   Low    Time   Days  Days  Rain  Speed High   Time    Dir
----------------------------------------------------------------------------------
 1  40.7  47.1   14:29  34.3   00:00  24.3   0.0  0.00   5.1  17.0   06:14    SE
 2  36.5  42.7   11:22  28.4   06:27  28.5   0.0  0.01   2.3  13.0   13:52   ESE
 3  36.8  40.6   14:03  32.4   07:22  28.2   0.0  0.00   5.0  17.0   14:11     W
 4  38.9  47.1   15:33  34.5   23:09  26.1   0.0  0.00   4.2  20.0   01:32   WSW
 5  34.2  45.3   13:55  28.5   07:40  30.8   0.0  0.00   2.4  10.0   14:38   SSE
 6  33.7  44.3   15:13  28.4   23:58  31.3   0.0  0.00   2.5  10.0   06:55     S
 7  32.4  38.6   14:14  24.6   06:57  32.6   0.0  0.00   1.7  10.0   22:17   SSE
 8  37.3  41.0   15:42  33.3   03:22  27.7   0.0  0.00   3.0  13.0   03:31     S
 9  42.7  48.2   14:35  36.5   04:32  22.3   0.0  0.00   4.0  16.0   12:34     S
10  43.8  51.8   23:14  34.0   03:47  21.2   0.0  0.00   5.2  21.0   12:59   SSE
11  46.0  50.9   00:10  38.8   23:59  19.0   0.0  0.00   5.1  23.0   10:43    SW
12  45.3  51.0   15:43  38.7   00:02  19.7   0.0  0.01   3.3  14.0   06:27     E
13  52.7  58.1   14:51  45.3   00:00  12.3   0.0  0.02   3.7  12.0   12:41    SE
14  53.6  59.4   11:50  45.8   23:59  11.4   0.0  0.10   5.8  22.0   13:40     S
15  41.3  46.0   00:23  37.0   17:10  23.7   0.0  0.00   5.0  21.0   01:49     W
16  41.0  47.5   21:31  36.8   03:46  24.0   0.0  0.00   4.9  23.0   16:12    SE
17  36.4  48.2   00:18  31.0   22:13  28.6   0.0  0.00   5.5  20.0   14:12   WSW
18  29.9  32.8   12:56  23.7   23:52  35.1   0.0  0.00   5.3  20.0   14:42   WSW
19  24.8  29.3   15:33  20.4   05:34  40.2   0.0  0.00   6.2  28.0   10:28   WSW
20  32.4  41.4   23:57  20.8   07:04  32.6   0.0  0.00   5.2  23.0   14:07   SSE
21  42.3  48.2   22:51  37.7   06:36  22.7   0.0  0.34   4.5  18.0   00:29     S
22  46.8  49.5   13:54  37.7   23:17  18.2   0.0  0.00   2.5  15.0   11:38    SW
23  49.5  59.7   18:14  37.1   01:32  15.5   0.0  0.08   6.3  33.0   22:02    SE
24  46.4  57.0   02:48  41.3   23:07  18.7   0.0  0.00   6.4  29.0   04:56   SSW
25  39.5  43.6   13:55  33.4   23:42  25.5   0.0  0.00   2.1  14.0   13:07   NNW
26  36.6  40.1   14:16  32.7   04:38  28.4   0.0  0.08   6.0  22.0   10:42   ENE
27  35.9  39.2   00:43  29.9   23:52  29.1   0.0  0.06   6.7  22.0   09:29   NNW
28  27.7  31.8   23:59  24.4   14:36  37.3   0.0  0.27  11.4  39.0   22:04   ENE
29  36.2  39.8   09:25  31.7   00:00  28.8   0.0  0.13   3.6  16.0   21:42   SSW
30  33.1  34.6   00:00  31.4   23:47  31.9   0.0  0.00   3.0  13.0   21:41    SW
31  30.9  31.8   14:01  28.9   23:03  34.1   0.0  0.00   4.9  20.0   21:29   WSW
----------------------------------------------------------------------------------
    38.9  59.7    23    20.4    19   809.8   0.0  1.10   4.6  39.0    28       S

Max >=  80.0:  0
Max <=  32.0:  3
Min <=  32.0: 13
Min <=   0.0:  0
Max Rain: 0.34 on day 21
Days of Rain: 10 (>= 0.01 in)  4 (>= 0.10 in)  0 (>= 1.00 in)
Heat Base: 65.0  Cool Base: 65.0  Method: Integration