NOAA style reports

NOAA-style Climate Reports

Select a Year or Month report
V/Λ2017 > Jan Feb Mar Apr May Jun Jul Aug Sep Oct Nov Dec
V/Λ2016 > Jan Feb Mar Apr May Jun Jul Aug Sep Oct Nov Dec
V/Λ2015 > Jan Feb Mar Apr May Jun Jul Aug Sep Oct Nov Dec

Report for 2015 Nov
                   Monthly Climatological Summary for Nov 2015

Name: Hog Town   City: Melvin   State: Michigan
Elevation: 830 ft  Lat: N 43° 11' 01"   Lon: W 082° 51' 43"

                  Temperature (°F), Rain (in), Wind Speed (mph)

                                      Heat  Cool        Avg
    Mean                              Deg   Deg         Wind                 Dom
Day Temp  High   Time   Low    Time   Days  Days  Rain  Speed High   Time    Dir
----------------------------------------------------------------------------------
 1  51.7  59.9   14:58  42.3   22:38  13.8   0.0  0.01   5.3  26.0   11:47    SW
 2  52.6  69.0   15:37  36.9   05:40  12.6   0.2  0.00   2.4  14.0   13:04   SSE
 3  60.8  77.6   15:38  50.5   07:19   6.5   2.2  0.00   2.2  12.0   11:13     S
 4  60.6  76.3   15:10  47.1   06:19   6.7   2.4  0.00   2.0   9.0   12:39    SE
 5  63.3  71.7   15:05  54.7   02:11   3.3   1.6  0.00   2.8  17.0   15:34   SSE
 6  55.2  66.0   00:00  46.4   23:31   9.8   0.0  0.17   7.0  39.0   07:13    SW
 7  43.9  50.6   12:54  35.6   23:40  21.1   0.0  0.00   5.5  23.0   15:48   WSW
 8  39.5  51.1   14:48  31.9   06:10  25.5   0.0  0.00   2.2  15.0   13:46    SW
 9  42.4  56.4   15:15  29.7   06:40  22.6   0.0  0.00   1.6   9.0   13:37    SE
10  42.8  45.9   15:46  36.2   02:06  22.2   0.0  0.26   2.4  13.0   13:27    NW
11  46.4  57.5   14:56  37.3   07:41  18.6   0.0  0.00   2.6  16.0   23:58     S
12  48.1  52.2   09:01  45.4   22:48  16.9   0.0  0.12   9.2  33.0   21:29   SSW
13  40.0  45.4   00:00  34.6   23:51  25.0   0.0  0.00  10.2  30.0   12:32   WSW
14  39.8  47.4   15:25  34.3   00:41  25.2   0.0  0.00   4.7  19.0   02:37    SW
15  51.7  65.5   14:59  40.7   01:15  13.3   0.0  0.00   3.5  16.0   10:01   SSW
16  51.7  65.5   15:11  41.9   07:32  13.3   0.0  0.00   2.4   9.0   01:48   SSE
17  50.3  59.7   15:11  40.5   03:27  14.7   0.0  0.00   7.5  20.0   13:41   ESE
18  57.9  61.2   13:21  54.4   15:50   7.1   0.0  0.23   8.0  26.0   23:02    SE
19  49.4  59.0   02:13  35.9   23:56  15.6   0.0  0.00   7.3  24.0   11:24   SSW
20  37.4  44.3   14:58  32.0   06:34  27.6   0.0  0.00   5.0  27.0   10:52    SW
21  32.1  34.0   00:00  29.9   23:55  32.9   0.0  0.02   0.7   6.0   13:50     N
22  24.5  29.9   00:00  13.9   20:47  40.5   0.0  0.01   1.6  12.0   11:16     W
23  26.6  32.6   12:14  17.3   00:00  38.4   0.0  0.01   2.9  18.0   14:11     S
24  33.4  41.0   13:20  27.8   03:28  31.6   0.0  0.31   2.1  11.0   00:38     W
25  39.5  49.4   14:46  29.0   02:13  25.5   0.0  0.00   3.8  14.0   12:09   SSE
26  49.7  56.7   21:55  42.5   05:15  15.3   0.0  0.24   5.4  20.0   19:00     S
27  44.7  59.0   01:15  33.6   22:55  20.3   0.0  0.30   6.4  25.0   01:44    NW
28  31.6  35.3   14:59  24.4   23:54  33.4   0.0  0.00   3.6  15.0   09:31   NNW
29  29.7  39.3   14:50  21.9   07:20  35.3   0.0  0.00   1.7   9.0   15:13     N
30  34.4  41.7   14:24  28.8   00:27  30.6   0.0  0.00   4.8  18.0   09:57     E
----------------------------------------------------------------------------------
    44.4  77.6     3    13.9    22   625.2   6.4  1.68   4.2  39.0     6     SSW

Max >=  80.0:  0
Max <=  32.0:  1
Min <=  32.0: 11
Min <=   0.0:  0
Max Rain: 0.31 on day 24
Days of Rain: 11 (>= 0.01 in)  7 (>= 0.10 in)  0 (>= 1.00 in)
Heat Base: 65.0  Cool Base: 65.0  Method: Integration