NOAA style reports

NOAA-style Climate Reports

Select a Year or Month report
V/Λ2017 > Jan Feb Mar Apr May Jun Jul Aug Sep Oct Nov Dec
V/Λ2016 > Jan Feb Mar Apr May Jun Jul Aug Sep Oct Nov Dec
V/Λ2015 > Jan Feb Mar Apr May Jun Jul Aug Sep Oct Nov Dec

Report for 2015 Oct
                   Monthly Climatological Summary for Oct 2015

Name: Hog Town   City: Melvin   State: Michigan
Elevation: 830 ft  Lat: N 43° 11' 01"   Lon: W 082° 51' 43"

                  Temperature (°F), Rain (in), Wind Speed (mph)

                                      Heat  Cool        Avg
    Mean                              Deg   Deg         Wind                 Dom
Day Temp  High   Time   Low    Time   Days  Days  Rain  Speed High   Time    Dir
----------------------------------------------------------------------------------
 1  50.1  56.2   14:49  43.4   07:45  14.9   0.0  0.00   4.6  21.0   12:10     N
 2  50.1  55.1   13:52  44.7   06:34  14.9   0.0  0.00   7.2  28.0   10:57    NE
 3  47.2  50.6   14:23  45.0   18:35  17.8   0.0  0.42  10.1  30.0   10:29   ENE
 4  52.2  57.1   14:58  46.8   00:00  12.8   0.0  0.02   4.5  17.0   01:06     E
 5  56.9  64.3   14:38  53.4   22:21   8.1   0.0  0.00   1.8  11.0   17:07    NE
 6  55.7  60.8   13:26  49.8   23:17   9.3   0.0  0.00   0.9   8.0   17:06    NW
 7  56.6  66.3   16:07  47.9   23:59   8.4   0.0  0.01   2.8  14.0   15:23   WNW
 8  55.7  69.6   15:14  39.9   06:01   9.9   0.6  0.48   1.5  15.0   22:40    SE
 9  55.6  61.1   03:21  45.5   23:57   9.4   0.0  0.01   4.6  22.0   14:13   WNW
10  51.2  64.5   15:42  38.7   07:33  13.8   0.0  0.00   1.5   9.0   10:32     W
11  60.1  76.7   15:46  46.7   04:07   7.3   2.4  0.00   1.6  13.0   14:21    SW
12  63.3  75.9   14:50  51.5   05:22   4.4   2.7  0.00   1.5  12.0   10:44   SSW
13  53.5  61.2   00:00  49.9   07:27  11.5   0.0  0.01   6.1  23.0   01:58   WSW
14  48.1  54.0   16:24  42.3   22:10  16.9   0.0  0.00   4.3  18.0   13:10   WNW
15  51.6  64.4   13:58  42.2   01:27  13.4   0.0  0.00   4.1  30.0   19:10   WSW
16  43.1  49.9   11:43  37.8   23:58  21.9   0.0  0.03   6.1  23.0   16:28     W
17  36.2  44.1   12:58  29.9   07:43  28.8   0.0  0.00   4.5  19.0   11:51     W
18  36.8  45.3   16:25  29.9   03:46  28.1   0.0  0.00   4.2  22.0   11:51   WNW
19  50.2  67.4   16:07  31.5   00:51  14.9   0.1  0.00   2.2  18.0   15:52     S
20  58.8  67.9   13:22  54.7   21:54   6.3   0.2  0.06   2.6  16.0   12:09    SW
21  59.1  66.3   23:25  53.4   08:27   6.0   0.1  0.09   1.5  19.0   19:46     S
22  56.7  66.7   00:21  43.8   23:47   8.4   0.1  0.00   4.1  17.0   01:31     W
23  46.7  55.0   14:43  39.3   04:16  18.3   0.0  0.01   4.1  17.0   23:28     E
24  55.6  66.7   17:54  49.0   00:00   9.5   0.0  0.33   4.4  25.0   22:08     S
25  48.6  56.4   15:08  41.3   08:01  16.4   0.0  0.00   5.3  25.0   05:16     W
26  46.7  60.3   14:57  36.7   06:25  18.3   0.0  0.00   2.7  13.0   11:06     E
27  48.2  54.8   12:54  43.3   01:21  16.8   0.0  0.00   7.1  21.0   21:14     E
28  53.8  59.5   17:52  46.8   02:08  11.2   0.0  0.52   8.3  28.0   05:02   ESE
29  43.4  51.9   01:05  38.9   07:52  21.6   0.0  0.01   6.9  24.0   12:18    SW
30  43.8  49.4   16:21  40.4   08:42  21.2   0.0  0.00   3.2  15.0   00:07   WNW
31  45.1  49.9   12:58  40.5   00:23  19.9   0.0  0.32   3.2  18.0   19:45    SE
----------------------------------------------------------------------------------
    51.0  76.7    11    29.9    17   440.4   6.2  2.32   4.1  30.0     3     WSW

Max >=  80.0:  0
Max <=  32.0:  0
Min <=  32.0:  3
Min <=   0.0:  0
Max Rain: 0.52 on day 28
Days of Rain: 14 (>= 0.01 in)  5 (>= 0.10 in)  0 (>= 1.00 in)
Heat Base: 65.0  Cool Base: 65.0  Method: Integration