NOAA style reports

NOAA-style Climate Reports

Select a Year or Month report

Report for 2015 Sep
                   Monthly Climatological Summary for Sep 2015

Name: Hog Town   City: Melvin   State: Michigan
Elevation: 830 ft  Lat: N 43° 11' 01"   Lon: W 082° 51' 43"

                  Temperature (°F), Rain (in), Wind Speed (mph)

                                      Heat  Cool        Avg
    Mean                              Deg   Deg         Wind                 Dom
Day Temp  High   Time   Low    Time   Days  Days  Rain  Speed High   Time    Dir
----------------------------------------------------------------------------------
 1  73.4  90.7   16:57  59.8   07:00   1.0   9.4  0.01   1.1  11.0   12:47    SW
 2  76.0  89.2   13:21  67.0   23:57   0.0  11.0  0.28   1.6  17.0   21:26   WSW
 3  69.1  86.6   12:26  64.1   05:17   0.0   4.1  1.19   2.2  23.0   12:51     E
 4  72.5  83.1   16:44  66.1   00:00   0.0   7.5  0.00   2.7  16.0   13:38     E
 5  74.6  85.6   16:39  68.0   01:53   0.0   9.6  0.00   1.3  13.0   15:16     S
 6  76.2  91.3   17:32  64.6   06:34   0.0  11.3  0.00   0.9  10.0   12:34    SW
 7  75.8  92.4   14:45  69.1   06:37   0.0  10.8  0.75   1.5  21.0   16:30    SW
 8  76.0  86.5   15:38  70.1   06:30   0.0  10.5  0.20   1.2  14.0   23:21    SW
 9  68.2  73.8   14:30  57.2   23:30   0.7   3.8  0.05   3.8  16.0   17:30     W
10  65.8  81.2   17:17  51.0   07:30   4.2   4.9  0.00   0.9  11.0   11:48   SSW
11  61.3  66.3   11:57  54.2   23:26   3.7   0.0  0.00   2.8  13.0   09:41    NW
12  53.2  61.8   14:07  47.2   06:54  11.8   0.0  0.02   4.1  19.0   16:56   WNW
13  53.4  62.3   15:52  45.2   07:06  11.6   0.0  0.00   4.6  25.0   09:54     W
14  61.2  78.2   16:08  44.7   06:43   7.1   3.3  0.00   1.2  14.0   12:28    SW
15  69.2  87.2   16:28  56.4   06:30   2.2   6.5  0.00   0.8   8.0   14:57     S
16  69.1  84.9   14:18  56.6   07:11   2.1   6.2  0.00   0.7  12.0   15:54   SSE
17  69.3  85.1   16:07  55.7   07:18   2.3   6.6  0.00   0.9  11.0   13:19     S
18  67.3  76.6   17:07  61.1   08:09   1.1   3.4  0.18   0.9  10.0   11:05   SSW
19  63.4  71.0   10:58  53.3   23:56   2.5   0.8  0.31   4.1  28.0   11:00     W
20  57.6  71.1   14:41  46.8   06:39   8.2   0.9  0.00   1.6   7.0   09:27    NW
21  59.8  73.2   16:05  48.1   07:27   6.9   1.7  0.00   2.7  17.0   11:38     E
22  61.1  78.0   15:03  47.6   05:48   7.0   3.1  0.00   1.2  10.0   12:33     E
23  63.5  79.6   15:34  48.6   06:59   5.6   4.1  0.01   1.7  11.0   12:48    NE
24  64.8  79.4   14:40  50.9   07:13   4.1   3.9  0.01   3.1  15.0   12:09   ENE
25  66.2  79.3   14:36  56.7   06:10   2.6   3.7  0.00   3.0  14.0   14:45   ENE
26  63.7  74.0   15:51  55.0   06:13   3.7   2.3  0.00   4.9  20.0   15:46     E
27  65.5  77.1   15:03  56.0   07:08   2.8   3.3  0.00   2.0  14.0   14:50   ESE
28  70.0  81.1   15:28  64.8   06:56   0.0   5.0  0.00   0.4   9.0   16:47    SE
29  63.2  67.9   00:00  54.1   23:55   2.4   0.6  0.01   3.1  18.0   16:11    NW
30  54.1  60.0   14:13  48.0   23:59  10.9   0.0  0.00   5.1  26.0   13:08   NNW
----------------------------------------------------------------------------------
    66.2  92.4     7    44.7    14   104.5 138.3  3.02   2.2  28.0    19      NW

Max >=  80.0: 13
Max <=  32.0:  0
Min <=  32.0:  0
Min <=   0.0:  0
Max Rain: 1.19 on day 3
Days of Rain: 12 (>= 0.01 in)  6 (>= 0.10 in)  1 (>= 1.00 in)
Heat Base: 65.0  Cool Base: 65.0  Method: Integration