NOAA style reports

NOAA-style Climate Reports

Select a Year or Month report
V/Λ2017 > Jan Feb Mar Apr May Jun Jul Aug Sep Oct Nov Dec
V/Λ2016 > Jan Feb Mar Apr May Jun Jul Aug Sep Oct Nov Dec
V/Λ2015 > Jan Feb Mar Apr May Jun Jul Aug Sep Oct Nov Dec

Report for 2015 Aug
                   Monthly Climatological Summary for Aug 2015

Name: Hog Town   City: Melvin   State: Michigan
Elevation: 830 ft  Lat: N 43° 09' 00"   Lon: W 071° 22' 00"

                  Temperature (°F), Rain (in), Wind Speed (mph)

                                      Heat  Cool        Avg
    Mean                              Deg   Deg         Wind                 Dom
Day Temp  High   Time   Low    Time   Days  Days  Rain  Speed High   Time    Dir
----------------------------------------------------------------------------------
 1  69.5  81.4   16:31  58.7   06:34   1.2   5.7  0.10   2.7  16.0   12:55     W
 2  71.8  90.6   17:42  57.7   04:38   1.7   8.5  1.54   2.2  46.0   19:31   WSW
 3  67.4  77.2   15:43  60.6   01:21   1.1   3.5  0.22   2.0  19.0   00:28    SW
 4  66.2  77.1   14:11  57.5   06:44   1.9   3.2  0.01   2.4  18.0   16:24   WSW
 5  63.7  75.7   17:53  56.1   06:00   3.2   1.9  0.01   3.1  15.0   10:56   WNW
 6  64.1  77.9   15:09  53.0   05:53   4.4   3.5  0.00   1.7  15.0   16:52    NE
 7  67.0  80.1   13:00  53.6   03:53   3.3   5.3  0.00   2.5  12.0   17:00   ENE
 8  68.2  77.5   15:42  63.0   07:22   0.4   3.6  0.01   3.2  13.0   18:01   ENE
 9  71.5  83.8   15:13  63.1   06:06   0.3   6.8  0.00   3.1  12.0   11:02     E
10  68.2  74.4   17:00  63.4   06:57   0.1   3.3  0.14   1.3   9.0   16:14   NNW
11  67.5  76.8   15:27  61.3   23:52   0.4   3.0  0.03   4.0  20.0   15:44     W
12  64.5  74.2   18:15  56.8   05:58   2.8   2.3  0.00   4.0  15.0   10:13     W
13  70.7  83.6   16:33  56.8   01:03   1.8   7.4  0.00   2.6  18.0   16:13    SW
14  73.6  86.9   16:43  63.1   23:52   0.1   8.6  0.42   2.6  43.0   19:13    SW
15  73.6  91.4   19:04  60.8   06:23   1.1   9.7  0.00   1.1   8.0   17:13    SW
16  77.7  92.2   16:24  65.5   04:43   0.0  12.8  0.00   0.8  11.0   09:47     S
17  77.7  90.2   17:12  68.3   06:31   0.0  12.7  0.00   1.1  11.0   11:39   SSW
18  74.1  83.9   16:01  66.9   07:02   0.0   9.1  0.28   1.0  18.0   13:30   ESE
19  75.9  86.4   14:51  69.6   01:04   0.0  10.9  0.20   1.7  15.0   15:06   ESE
20  67.0  75.1   15:40  61.2   23:06   0.7   2.6  0.38   3.0  18.0   16:48   SSW
21  65.3  76.9   19:10  55.5   06:49   2.7   3.0  0.00   2.6  14.0   11:01   WSW
22  69.1  83.6   13:46  57.2   06:56   2.6   6.7  0.00   0.7   8.0   15:43   ESE
23  67.7  82.9   14:14  58.3   04:26   1.9   4.6  0.21   2.5  18.0   20:43   ESE
24  61.9  73.5   15:14  53.1   06:29   4.7   1.6  0.00   3.3  24.0   18:45    SW
25  57.6  62.9   12:30  52.6   02:22   7.4   0.0  0.01   2.8  14.0   13:03   WSW
26  59.2  63.6   14:02  55.2   05:32   5.8   0.0  0.00   3.5  15.0   09:41   WSW
27  59.6  66.2   16:23  54.0   23:59   5.4   0.0  0.00   2.0  12.0   10:36   WNW
28  62.5  77.5   15:39  48.1   04:43   5.9   3.4  0.00  ----   7.0   12:43     S
29  65.3  71.6   15:29  60.2   00:02   1.6   1.8  0.07  ----  15.0   12:27     E
30  70.6  83.6   15:38  63.8   01:17   0.3   5.5  0.01  ----   8.0   12:16   SSE
31  69.5  81.7   16:22  60.8   07:22   0.4   4.9  0.00  ----   9.0   13:12   WSW
----------------------------------------------------------------------------------
    68.0  92.2    16    48.1    28    63.2 155.9  3.64   2.3  46.0     2     WSW

Max >=  80.0: 15
Max <=  32.0:  0
Min <=  32.0:  0
Min <=   0.0:  0
Max Rain: 1.54 on day 2
Days of Rain: 16 (>= 0.01 in)  9 (>= 0.10 in)  1 (>= 1.00 in)
Heat Base: 65.0  Cool Base: 65.0  Method: Integration