NOAA style reports

NOAA-style Climate Reports

Select a Year or Month report

Report for 2015 Jul
                   Monthly Climatological Summary for Jul 2015

Name: Hog Town Weather   City: Melvin   State: Michigan
Elevation: 843 ft  Lat: N 43° 11' 01"   Lon: W 082° 51' 43"

                  Temperature (°F), Rain (in), Wind Speed (mph)

                                      Heat  Cool        Avg
    Mean                              Deg   Deg         Wind                 Dom
Day Temp  High   Time   Low    Time   Days  Days  Rain  Speed High   Time    Dir
----------------------------------------------------------------------------------
 1  61.8  70.1   4:52p  56.4   6:05a   3.7   0.6  0.00   3.1  12.0  10:05a   WNW
 2  62.8  72.6   1:30p  53.1   6:13a   4.2   2.0  0.00   2.4  15.0   2:28p    NE
 3  63.0  79.3   6:43p  46.9   6:18a   6.0   4.0  0.00   1.4   8.0   9:05a     E
 4  67.1  82.0   4:19p  52.9   3:49a   3.7   5.7  0.00   1.6  10.0  11:15a   WNW
 5  72.5  87.9   4:12p  59.2   6:07a   1.2   8.7  0.00   0.9  10.0  11:56a    SW
 6  73.3  90.1   4:36p  57.6   6:44a   1.3   9.6  0.00   1.1  13.0   1:46p   SSE
 7  66.7  73.9   9:58a  55.8  11:56p   1.7   3.4  0.64   2.4  20.0  12:57p    NW
 8  59.3  68.8   2:52p  50.0   5:11a   6.0   0.3  0.00   2.5  11.0  10:57a     E
 9  64.2  74.6   4:21p  56.6  12:00a   3.3   2.6  0.00   2.5  14.0   5:48p     N
10  69.5  83.9   4:16p  55.1   4:04a   2.8   7.3  0.00   1.2   9.0   2:26p   ESE
11  72.9  89.1   2:17p  60.0   6:29a   0.8   8.7  0.00   1.4   8.0  10:14a     W
12  73.0  87.0   3:56p  63.0   3:40a   0.4   8.4  0.00   1.2  10.0   6:10p    SE
13  70.9  82.6   6:34p  59.5   6:19a   1.2   7.1  0.00   1.2  16.0   2:26p    SE
14  67.8  76.7   3:12p  60.3  11:56p   0.3   3.1  0.54   4.0  25.0   3:45a    NW
15  61.0  71.1   4:55p  52.9   6:22a   4.9   0.9  0.00   4.0  19.0  12:59a     N
16  64.7  80.9   4:36p  48.6   5:13a   5.2   4.9  0.00   1.5  12.0  12:38p    SE
17  72.8  87.2   4:51p  62.9   3:19a   0.5   8.3  0.37   1.9  12.0   5:28p     S
18  77.1  88.5   6:57p  66.9   3:57a   0.0  12.1  0.05   1.5  31.0   1:17p    SW
19  76.6  85.0   3:16p  67.3  11:59p   0.0  11.6  0.00   3.9  17.0   2:26p   WSW
20  73.4  85.7   5:08p  62.8   3:37a   0.3   8.6  0.00   2.8  17.0   3:18p   WSW
21  70.1  78.0   5:29p  60.1   6:22a   0.6   5.7  0.02   4.2  18.0   3:19p   WNW
22  66.2  77.0   5:47p  55.5   6:30a   2.6   3.8  0.00   2.9  16.0   1:17p   WNW
23  68.8  83.1   2:24p  56.1   6:24a   2.2   6.1  0.00   2.4  12.0   6:14p    SE
24  72.4  88.1   4:12p  57.0   5:33a   1.9   9.2  0.00   1.8  14.0   3:13p     W
25  72.7  86.8   3:55p  63.0   5:03a   0.2   7.9  0.48   1.4  23.0   5:09p    SW
26  72.7  88.6   4:40p  59.9   6:10a   0.9   8.6  0.00   1.5   9.0  12:57p   NNW
27  76.9  94.0   7:19p  60.8   4:50a   0.8  12.7  0.00   1.1   8.0   1:58p     E
28  78.6  94.0   4:20p  64.9   6:34a   0.0  13.6  0.00   1.1  10.0   6:46p     E
29  76.5  94.0   2:44p  65.5   5:37a   0.0  11.5  0.08   1.4  14.0   4:12p    SW
30  73.1  82.8   5:56p  63.0   6:42a   0.2   8.3  0.00   4.5  21.0   2:08p   WSW
31  73.5  83.7   4:25p  63.6   6:16a   0.1   8.6  0.00   4.2  22.0   5:04p   WSW
----------------------------------------------------------------------------------
    70.1  94.0    27    46.9     3    57.0 213.9  2.18   2.2  31.0    18       W

Max >=  80.0: 21
Max <=  32.0:  0
Min <=  32.0:  0
Min <=   0.0:  0
Max Rain: 0.64 on day 7
Days of Rain: 7 (>= 0.01 in)  4 (>= 0.10 in)  0 (>= 1.00 in)
Heat Base: 65.0  Cool Base: 65.0  Method: Integration