NOAA style reports

NOAA-style Climate Reports

Select a Year or Month report

Report for 2015 Jun
                   Monthly Climatological Summary for Jun 2015

Name: Hog Town Weather   City: Melvin   State: Michigan
Elevation: 843 ft  Lat: N 43° 11' 01"   Lon: W 082° 51' 43"

                  Temperature (°F), Rain (in), Wind Speed (mph)

                                      Heat  Cool        Avg
    Mean                              Deg   Deg         Wind                 Dom
Day Temp  High   Time   Low    Time   Days  Days  Rain  Speed High   Time    Dir
----------------------------------------------------------------------------------
 1  52.8  63.0   4:35p  41.3   5:13a  12.2   0.0  0.00   3.9  19.0  10:42a     N
 2  57.4  73.0   7:29p  40.7   6:08a   9.5   2.0  0.00   3.0  15.0   4:15p   ENE
 3  61.9  77.0   2:22p  46.0   4:54a   6.5   3.4  0.00   3.4  16.0   1:05p   ESE
 4  67.8  82.2   3:55p  52.3   1:18a   3.1   5.9  0.00   1.9  14.0   5:14p    SE
 5  64.9  75.9  11:54a  58.3  11:55p   1.9   1.9  0.13   3.2  22.0   8:33p   NNW
 6  58.2  72.0   5:43p  47.1   6:05a   8.0   1.1  0.00   4.0  17.0   2:01a   NNE
 7  63.3  78.1   1:24p  42.5   4:53a   6.7   5.0  0.09   2.4  16.0   7:30p   SSE
 8  68.7  79.2   2:10p  60.9  11:57p   0.2   4.0  1.01   2.9  20.0   8:52p     S
 9  65.0  77.9   5:48p  58.5   6:15a   2.4   2.4  0.01   4.0  15.0   4:38a     W
10  70.5  86.5   3:22p  55.4  11:57p   2.0   7.5  0.01   4.4  27.0   1:13p   SSW
11  61.9  77.2   2:11p  51.5   5:42a   5.1   2.0  0.09   2.6  12.0   2:50p     E
12  57.7  62.5  12:54p  54.6   8:14a   7.3   0.0  0.57   4.2  21.0   9:24a   NNE
13  61.7  69.6   5:07p  54.9   3:00a   4.1   0.9  0.00   3.2  13.0   1:35p     E
14  69.0  81.4   6:54p  61.0  12:24a   1.1   5.2  0.49   0.9  14.0  10:33p     S
15  73.4  81.9   2:53p  68.1   5:54a   0.0   8.4  0.08   2.5  11.0   7:23a   WSW
16  68.7  78.4   4:36p  54.4  11:59p   0.9   4.6  0.00   4.6  15.0   4:21a    NW
17  65.8  81.3   4:23p  51.0   5:48a   4.1   4.9  0.00   2.0  12.0   8:58a   ESE
18  69.5  81.4   3:43p  61.4  11:52p   1.0   5.4  0.33   2.2  16.0   6:02p   WSW
19  60.4  69.9   2:58p  50.2  11:59p   5.1   0.5  0.00   3.3  15.0   3:09a   NNW
20  64.7  79.3   1:37p  47.6   5:30a   5.5   5.3  0.00   2.3  12.0   2:37p   ESE
21  71.7  79.8   2:58p  66.6   7:25a   0.0   6.7  0.00   3.7  14.0  11:02a   WSW
22  71.9  84.3   1:09p  58.0   6:00a   1.5   8.4  0.81   1.4  14.0  11:23p   SSE
23  69.6  73.7   4:52p  61.4  11:53p   0.2   4.8  0.61   6.6  30.0  12:56a     W
24  67.7  83.9   6:09p  51.5   5:33a   3.1   5.8  0.00   1.8  13.0   3:33p     W
25  68.1  82.3   3:50p  58.4   6:09a   1.3   4.4  0.00   1.1  14.0   4:44p     N
26  65.5  76.6   3:04p  55.7   5:45a   2.9   3.4  0.00   3.8  15.0  10:51a    NE
27  60.0  62.4   3:48a  57.7   7:46a   5.0   0.0  0.26   5.4  27.0   7:30p   NNE
28  63.3  74.3   7:28p  56.5   3:19a   3.6   1.9  0.02   5.2  21.0  12:46a     N
29  69.9  83.2   3:46p  58.2  12:44a   1.9   6.8  0.00   1.6  15.0   2:39p   SSE
30  64.6  72.0   2:04p  58.6   1:59a   2.1   1.7  0.00   1.8  11.0   3:38p     E
----------------------------------------------------------------------------------
    65.2  86.5    10    40.7     2   108.3 114.3  4.51   3.1  30.0    23       N

Max >=  80.0: 10
Max <=  32.0:  0
Min <=  32.0:  0
Min <=   0.0:  0
Max Rain: 1.01 on day 8
Days of Rain: 14 (>= 0.01 in)  8 (>= 0.10 in)  1 (>= 1.00 in)
Heat Base: 65.0  Cool Base: 65.0  Method: Integration