NOAA style reports

NOAA-style Climate Reports

Select a Year or Month report
V/Λ2017 > Jan Feb Mar Apr May Jun Jul Aug Sep Oct Nov Dec
V/Λ2016 > Jan Feb Mar Apr May Jun Jul Aug Sep Oct Nov Dec
V/Λ2015 > Jan Feb Mar Apr May Jun Jul Aug Sep Oct Nov Dec

Report for 2015 May
                   Monthly Climatological Summary for May 2015

Name: Hog Town Weather   City: Melvin   State: Michigan
Elevation: 843 ft  Lat: N 43° 11' 01"   Lon: W 082° 51' 43"

                  Temperature (°F), Rain (in), Wind Speed (mph)

                                      Heat  Cool        Avg
    Mean                              Deg   Deg         Wind                 Dom
Day Temp  High   Time   Low    Time   Days  Days  Rain  Speed High   Time    Dir
----------------------------------------------------------------------------------
 1  55.0  70.7   3:31p  40.6   6:52a  10.9   0.9  0.00   4.2  17.0   1:57p     N
 2  60.3  74.3   5:41p  46.0   2:56a   7.1   2.4  0.00   2.9  14.0   6:38p     W
 3  66.9  81.4   3:35p  50.6   6:46a   3.5   5.5  0.00   2.9  17.0  12:23p   SSW
 4  65.3  72.4   6:01p  54.4  11:45p   1.8   2.1  0.02   4.1  20.0   4:33p   WSW
 5  51.4  59.7   6:28p  47.0   6:25a  13.6   0.0  0.08   2.2  14.0   4:03a    NE
 6  56.4  74.6   6:09p  43.1   5:09a  10.4   1.7  0.00   2.3  14.0  12:50p   ESE
 7  67.7  85.5   3:32p  50.6   5:35a   4.5   7.2  0.00   2.7  12.0   4:53p    SE
 8  70.6  87.7   3:00p  57.7   6:57a   1.3   6.9  0.04   2.7  31.0   4:25p     S
 9  67.8  80.9   2:31p  55.1  11:54p   1.8   4.6  0.05   2.9  16.0   5:55p   WSW
10  55.2  62.2   2:16p  51.2  11:35p   9.8   0.0  0.37   2.5  12.0  12:19p   NNE
11  62.3  78.3   4:16p  50.9   3:54a   5.8   3.1  0.36   2.1  11.0   1:40p     S
12  52.6  63.2  12:00a  45.3  11:37p  12.4   0.0  0.05   6.8  28.0   2:30p   WSW
13  45.9  56.8   5:03p  37.8  11:45p  19.0   0.0  0.00   5.2  17.0   3:49a   WNW
14  50.8  66.9   4:44p  33.2   4:51a  14.3   0.1  0.00   2.1  14.0  10:20a   ESE
15  58.5  72.1   6:30p  47.1   7:01a   7.9   1.4  0.12   2.6  14.0   9:10a    SE
16  61.9  71.0  12:46p  54.5   6:34a   3.7   0.7  0.00   3.2  15.0   2:14p     E
17  68.5  82.0   4:44p  54.8  12:05a   2.5   5.8  0.00   2.7  15.0   6:18p    SE
18  75.0  87.9   3:37p  66.4   2:09a   0.0   9.9  0.00   2.6  17.0   9:25p    SW
19  51.1  67.2  12:00a  40.5  11:37p  13.9   0.0  0.00   6.8  21.0   9:28p     W
20  47.0  60.8   4:51p  37.7   6:29a  18.0   0.0  0.00   4.3  22.0  12:24a    NW
21  56.3  66.0   5:04p  46.7   6:38a   8.8   0.0  0.00   3.8  19.0   5:54p     W
22  49.6  60.9   4:07p  36.6  11:58p  15.4   0.0  0.00   5.3  22.0   1:36p   NNW
23  56.5  76.6   5:19p  31.7   5:13a  11.6   3.2  0.00   1.9  14.0  12:58p    SW
24  67.1  83.2   3:05p  51.8   3:10a   3.6   5.7  0.00   2.1  13.0  10:21a     S
25  70.1  81.4   2:29p  62.1   3:29a   0.2   5.4  0.11   2.9  24.0   6:13p     S
26  72.4  84.0   4:07p  64.6   6:30a   0.0   7.4  0.02   2.2  19.0   5:07p   SSE
27  71.0  79.8   1:37p  63.4  11:59p   0.0   6.0  0.01   3.4  18.0   9:14p    SW
28  68.1  82.6   2:38p  53.0   5:55a   2.8   5.8  0.00   1.6  14.0   3:52p    SE
29  69.7  83.1   1:07p  57.1   5:06a   1.9   6.7  0.00   2.2  14.0   2:12p    SE
30  64.1  78.6  10:47a  48.4  11:18p   4.7   3.8  0.42   3.5  20.0   9:41p   NNW
31  47.1  49.3  11:51a  45.1   9:38a  17.9   0.0  0.44   5.6  23.0  11:33a   NNE
----------------------------------------------------------------------------------
    60.7  87.9    18    31.7    23   229.1  96.3  2.09   3.3  31.0     8     WSW

Max >=  80.0: 11
Max <=  32.0:  0
Min <=  32.0:  1
Min <=   0.0:  0
Max Rain: 0.44 on day 31
Days of Rain: 13 (>= 0.01 in)  6 (>= 0.10 in)  0 (>= 1.00 in)
Heat Base: 65.0  Cool Base: 65.0  Method: Integration