NOAA style reports

NOAA-style Climate Reports

Select a Year or Month report

Report for 2015 Apr
                   Monthly Climatological Summary for Apr 2015

Name: Hog Town Weather   City: Melvin   State: Michigan
Elevation: 843 ft  Lat: N 43° 11' 01"   Lon: W 082° 51' 43"

                  Temperature (°F), Rain (in), Wind Speed (mph)

                                      Heat  Cool        Avg
    Mean                              Deg   Deg         Wind                 Dom
Day Temp  High   Time   Low    Time   Days  Days  Rain  Speed High   Time    Dir
----------------------------------------------------------------------------------
 1  39.9  54.7   4:29p  27.7   4:25a  25.1   0.0  0.00   2.7  10.0   1:42a   SSE
 2  48.1  58.9   3:08p  38.0   1:56a  16.9   0.0  0.06   4.1  15.0   1:48p    SW
 3  43.0  53.1  10:47a  33.7  10:32p  22.0   0.0  0.03   1.7  10.0  12:13p    NE
 4  34.0  46.9   6:49p  22.8   7:13a  30.6   0.0  0.00   3.6  18.0   6:53p    NW
 5  35.9  46.4   3:39p  29.8   6:45a  29.0   0.0  0.07   1.9   9.0   1:38a   ESE
 6  42.7  62.1   4:11p  32.0   6:52a  22.3   0.0  0.00   2.6  11.0   5:06p     E
 7  40.6  49.2   4:14p  35.4  12:00a  24.4   0.0  0.00   3.4  16.0   8:49p     E
 8  37.1  40.2   3:29p  33.7   8:59a  27.9   0.0  0.37   3.1  19.0   3:46a     E
 9  46.3  60.4  10:26p  36.9   5:51a  17.1   0.0  0.12   3.4  13.0   7:31a    SE
10  50.0  62.4   6:06a  38.3  12:00a  15.0   0.0  0.01   5.9  24.0  12:18p     W
11  44.4  59.0   4:57p  33.0   5:11a  20.6   0.0  0.00   2.3  17.0  12:35a    NW
12  51.5  67.0   2:35p  33.5   5:50a  13.5   0.1  0.03   2.6  21.0   3:46p   SSE
13  55.4  67.1  12:23p  45.9  11:10p   9.6   0.1  0.02   5.4  28.0   3:38p   SSW
14  52.9  65.0   4:03p  42.4   6:59a  12.1   0.0  0.00   2.9  16.0   5:56p     W
15  50.4  62.1   2:50p  39.1  11:57p  14.6   0.0  0.00   5.0  18.0  12:08p   ENE
16  50.5  63.0   2:28p  37.9   1:20a  14.5   0.0  0.00   4.7  15.0   1:44p    SE
17  57.5  74.3   3:46p  47.4   7:13a   8.4   0.9  0.00   3.9  15.0   4:29p     S
18  54.6  61.5   3:13p  42.8  11:54p  10.4   0.0  0.00   5.3  25.0  12:21p     N
19  49.3  64.5   2:58p  39.8   6:12a  15.7   0.0  0.19  11.0  28.0  11:57p     E
20  53.4  63.8   1:40p  43.0  11:41p  11.6   0.0  0.21   9.0  28.0  12:02a     S
21  42.9  46.8   2:50p  38.6  10:42p  22.1   0.0  0.01   6.6  31.0   4:23p    SW
22  36.5  39.0   9:09a  31.5   9:32p  28.5   0.0  0.00   6.5  27.0  12:55p   WSW
23  31.9  36.0   7:37p  29.0   7:05a  33.1   0.0  0.00   7.0  21.0   8:50a     W
24  37.1  51.9   6:17p  27.9   5:28a  27.9   0.0  0.00   4.4  17.0  11:27a    NW
25  40.1  50.0   1:21p  31.5   5:42a  24.9   0.0  0.00   5.5  20.0   2:18p    NE
26  42.4  54.5   3:43p  29.8   5:04a  22.6   0.0  0.00   4.5  22.0   4:01p   NNW
27  42.9  49.9   5:56p  37.4   6:13a  22.1   0.0  0.02   5.1  19.0   1:10p   NNW
28  45.5  60.7   3:18p  33.8   6:29a  19.5   0.0  0.00   3.5  16.0   4:01p     N
29  49.4  64.5   4:30p  35.0   6:45a  15.6   0.0  0.00   2.8  17.0   4:40p     N
30  48.6  54.8   6:17p  43.5   6:26a  16.4   0.0  0.00   5.0  20.0   1:30p   NNW
----------------------------------------------------------------------------------
    45.2  74.3    17    22.8     4   594.0   1.1  1.14   4.5  31.0    21       W

Max >=  80.0:  0
Max <=  32.0:  0
Min <=  32.0:  9
Min <=   0.0:  0
Max Rain: 0.37 on day 8
Days of Rain: 12 (>= 0.01 in)  4 (>= 0.10 in)  0 (>= 1.00 in)
Heat Base: 65.0  Cool Base: 65.0  Method: Integration