NOAA style reports

NOAA-style Climate Reports

Select a Year or Month report
V/Λ2017 > Jan Feb Mar Apr May Jun Jul Aug Sep Oct Nov Dec
V/Λ2016 > Jan Feb Mar Apr May Jun Jul Aug Sep Oct Nov Dec
V/Λ2015 > Jan Feb Mar Apr May Jun Jul Aug Sep Oct Nov Dec

Report for 2015 Mar
                   Monthly Climatological Summary for Mar 2015

Name: Hog Town Weather   City: Melvin   State: Michigan
Elevation: 843 ft  Lat: N 43° 11' 01"   Lon: W 082° 51' 43"

                  Temperature (°F), Rain (in), Wind Speed (mph)

                                      Heat  Cool        Avg
    Mean                              Deg   Deg         Wind                 Dom
Day Temp  High   Time   Low    Time   Days  Days  Rain  Speed High   Time    Dir
----------------------------------------------------------------------------------
 1  19.0  27.0   3:11p  11.2   7:49a  46.0   0.0  0.00   1.5  12.0  11:33p   WSW
 2  21.8  29.6   4:24p  15.2   9:44p  43.2   0.0  0.00   2.7  17.0   3:57a    NW
 3  24.4  33.3   8:20p  15.4  12:00a  40.5   0.0  0.04   3.9  18.0  11:13p     S
 4  26.3  33.6   2:34p  11.8  11:59p  38.7   0.0  0.00   4.0  18.0  12:16a    NW
 5   6.9  14.5   3:50p  -2.3   6:34a  58.1   0.0  0.00   1.8  10.0  12:17a   NNW
 6  13.9  25.2   4:10p  -1.6   5:42a  51.1   0.0  0.00   3.3  16.0   2:51p   SSW
 7  28.4  35.6   5:07p  20.3   5:54a  36.6   0.0  0.00   2.1  16.0  11:18p   WSW
 8  34.0  42.9   5:37p  26.2   3:13a  29.7   0.0  0.00   1.5   8.0   1:09p     W
 9  37.1  47.9   4:11p  24.4   8:10a  27.9   0.0  0.00   1.6   8.0  12:41a     W
10  38.3  48.2   4:44p  29.0   7:12a  26.7   0.0  0.00   1.5   8.0   3:24p   SSW
11  40.3  47.0   4:53p  33.1   8:14a  24.7   0.0  0.00   2.2  10.0  12:35p    NW
12  34.3  43.0   4:05p  25.2   7:45a  30.7   0.0  0.00   2.4  11.0   9:45a   ESE
13  36.5  48.6   4:36p  26.2   6:42a  28.5   0.0  0.00   2.6   8.0   2:03a    SE
14  39.6  43.1  10:48a  35.1  11:56p  25.4   0.0  0.00   3.9  19.0  10:25p    NW
15  38.1  49.2   5:10p  32.9   6:54a  26.9   0.0  0.00   3.3  18.0   1:55a   NNW
16  47.0  57.6   2:07p  37.2  12:39a  18.0   0.0  0.00   2.0  12.0  11:41p    SW
17  35.7  41.6  12:00a  27.1  11:47p  29.3   0.0  0.00   6.3  25.0   8:16a     N
18  31.7  43.4   4:32p  23.9   5:23a  33.3   0.0  0.00   2.6  16.0   3:42p   NNW
19  30.1  39.6   2:56p  22.0   5:52a  34.9   0.0  0.00   2.5  12.0   2:18p    SE
20  39.1  53.0   4:29p  28.2   7:19a  25.9   0.0  0.00   1.5   9.0   3:53p   WSW
21  38.7  44.0  12:00a  25.9  11:57p  26.3   0.0  0.02   4.0  17.0  11:42a   NNW
22  25.2  32.1   6:05p  17.5   7:09a  39.8   0.0  0.00   2.9  16.0   1:48a     N
23  22.6  27.7   1:59p  15.5  11:47p  42.4   0.0  0.00   1.7  12.0  10:26a   ESE
24  26.3  39.1   3:52p  15.5  12:00a  38.7   0.0  0.00   2.1  13.0   6:13p   ESE
25  36.8  51.6   5:04p  25.3  12:24a  28.2   0.0  0.07   4.5  17.0   9:44p     S
26  37.0  41.2  12:01p  27.5  11:59p  28.0   0.0  0.00   2.6  15.0  10:51p    NW
27  21.4  27.5  12:00a  16.2  10:02p  43.6   0.0  0.00   5.0  20.0  12:21p     N
28  24.4  33.8   4:43p  15.5   7:26a  40.6   0.0  0.00   2.7  16.0   3:02a     N
29  32.1  41.3   3:02p  21.5   4:59a  32.9   0.0  0.00   4.9  21.0   4:07p   SSW
30  41.3  52.4   2:56p  30.0  11:33p  23.7   0.0  0.00   5.4  21.0   2:40p   NNW
31  34.8  45.0   5:03p  29.0  11:52p  30.2   0.0  0.25   2.2   9.0  10:21a   ESE
----------------------------------------------------------------------------------
    31.1  57.6    16    -2.3     5  1050.5   0.0  0.38   2.9  25.0    17      NW

Max >=  80.0:  0
Max <=  32.0:  6
Min <=  32.0: 27
Min <=   0.0:  2
Max Rain: 0.25 on day 31
Days of Rain: 4 (>= 0.01 in)  1 (>= 0.10 in)  0 (>= 1.00 in)
Heat Base: 65.0  Cool Base: 65.0  Method: Integration