NOAA style reports

NOAA-style Climate Reports

Select a Year or Month report

Report for 2015 Feb
                   Monthly Climatological Summary for Feb 2015

Name: Hog Town Weather   City: Melvin   State: Michigan
Elevation: 843 ft  Lat: N 43° 11' 01"   Lon: W 082° 51' 43"

                  Temperature (°F), Rain (in), Wind Speed (mph)

                                      Heat  Cool        Avg
    Mean                              Deg   Deg         Wind                 Dom
Day Temp  High   Time   Low    Time   Days  Days  Rain  Speed High   Time    Dir
----------------------------------------------------------------------------------
 1  19.6  27.1  12:00a  15.0  11:53p  45.4   0.0  0.47   2.3  15.0   5:07p    NE
 2  11.5  18.2   3:36a   1.2   8:58p  53.5   0.0  0.26   3.6  17.0  12:18p   NNW
 3  13.9  24.6   3:25p   2.0   7:27a  51.1   0.0  0.05   1.8  11.0   1:53p    SW
 4  21.3  25.6   8:42a   8.2  11:57p  43.7   0.0  0.02   2.4  15.0   7:42p    NW
 5   6.2  16.2   3:35p  -4.0   7:38a  58.8   0.0  0.00   2.1   9.0  12:37a   WNW
 6  20.3  27.1   2:36p  10.5  12:00a  44.7   0.0  0.00   2.5  13.0   1:08a     W
 7  29.2  35.0   2:44p  24.8   4:27a  35.8   0.0  0.00   1.4   9.0   5:27p   ESE
 8  28.3  34.4   8:07a  19.0  11:55p  36.6   0.0  0.19   2.1  12.0   8:51a     E
 9  17.8  21.7  11:59a  15.4   9:55p  47.2   0.0  0.00   2.0  14.0   1:50p     N
10  17.9  24.8   3:56p  13.7   7:48a  47.0   0.0  0.01   1.6   9.0  11:53a    NE
11  23.1  31.0   5:49p  15.8  12:00a  41.8   0.0  0.00   2.9  15.0  11:49p     S
12   7.5  21.9  12:00a  -2.6  11:59p  57.5   0.0  0.00   5.2  23.0  11:10a   NNW
13   7.6  19.3  11:59p  -6.0   6:07a  57.3   0.0  0.00   2.7  14.0   2:34p   SSW
14  10.1  19.4  12:07a  -4.5  11:56p  54.9   0.0  0.01   5.9  23.0  10:57p   NNW
15  -5.8   2.3   3:47p -11.4   7:42a  70.8   0.0  0.00   4.4  22.0   2:11a   NNW
16  -2.4   8.8   3:32p -14.7   6:21a  67.4   0.0  0.00   0.9   7.0   1:28p   SSE
17   9.2  21.2   2:14p  -2.5  12:00a  55.7   0.0  0.00   1.6  11.0   2:41p    SW
18   7.7  15.2   3:41p   1.2   3:00a  57.2   0.0  0.00   2.1  15.0   3:42p    NW
19  -4.0   2.7  12:00a -11.3  11:49p  69.0   0.0  0.00   3.1  15.0  12:10p   NNW
20  -1.1  10.5  11:58p -14.7   4:30a  65.8   0.0  0.00   3.0  15.0  10:15p     S
21  17.0  24.7   3:44p  10.4  12:00a  48.0   0.0  0.02   1.6  10.0  12:07a   SSW
22  16.3  21.6   3:56a  -1.8  11:58p  48.7   0.0  0.01   2.4  18.0   9:12p   NNW
23  -1.9   8.9   4:02p -14.0   7:08a  66.9   0.0  0.00   2.0  12.0  12:17a   WNW
24  11.8  22.5  11:59p   1.8   2:50a  53.2   0.0  0.00   4.2  16.0  11:11a   SSW
25   9.7  22.9  12:19a   1.4   7:17a  55.3   0.0  0.00   2.6  20.0   1:20a   NNW
26   7.3  13.8   2:32p  -1.0  11:59p  57.7   0.0  0.01   1.8  14.0   1:06p     N
27   5.1  17.6   4:10p  -6.2   7:12a  59.9   0.0  0.00   1.0   8.0   2:24p    NW
28  11.3  24.5   2:47p  -1.2   6:47a  53.7   0.0  0.00   1.6   8.0  12:31p     S
----------------------------------------------------------------------------------
    11.2  35.0     7   -14.7    16  1504.6   0.0  1.05   2.5  23.0    12      NW

Max >=  80.0:  0
Max <=  32.0: 26
Min <=  32.0: 28
Min <=   0.0: 14
Max Rain: 0.47 on day 1
Days of Rain: 10 (>= 0.01 in)  3 (>= 0.10 in)  0 (>= 1.00 in)
Heat Base: 65.0  Cool Base: 65.0  Method: Integration