NOAA style reports

NOAA-style Climate Reports

Select a Year or Month report
V/Λ2017 > Jan Feb Mar Apr May Jun Jul Aug Sep Oct Nov Dec
V/Λ2016 > Jan Feb Mar Apr May Jun Jul Aug Sep Oct Nov Dec
V/Λ2015 > Jan Feb Mar Apr May Jun Jul Aug Sep Oct Nov Dec

Report for 2015 Jan
                   Monthly Climatological Summary for Jan 2015

Name: Hog Town Weather   City: Melvin   State: Michigan
Elevation: 843 ft  Lat: N 43° 11' 01"   Lon: W 082° 51' 43"

                  Temperature (°F), Rain (in), Wind Speed (mph)

                                      Heat  Cool        Avg
    Mean                              Deg   Deg         Wind                 Dom
Day Temp  High   Time   Low    Time   Days  Days  Rain  Speed High   Time    Dir
----------------------------------------------------------------------------------
14  12.9  19.6   14:43   5.0   11:09  27.8   0.0  0.10   1.4   5.0   18:43    SW
15  20.0  30.0   23:49   9.1   07:18  44.7   0.0  0.00   2.4  16.0   22:34    SW
16  20.5  30.5   00:37   7.7   22:28  44.4   0.0  0.00   2.6  14.0   03:39   NNW
17  27.2  41.2   20:29  10.9   02:51  37.7   0.0  0.02   5.7  18.0   15:00     S
18  35.2  39.9   00:00  31.7   23:44  29.8   0.0  0.04   2.7  15.0   16:54     W
19  27.9  31.8   00:00  24.0   21:58  37.1   0.0  0.00   1.9  11.0   06:48   NNW
20  24.5  27.5   12:40  23.0   06:46  40.5   0.0  0.05   1.1   8.0   14:37     E
21  23.4  26.5   14:08  17.8   23:59  41.6   0.0  0.01   1.1   7.0   07:06   ENE
22  21.7  28.9   16:13  12.3   07:16  43.3   0.0  0.01   1.3  11.0   13:36   WNW
23  25.2  35.5   15:11  17.8   05:06  39.8   0.0  0.01   1.8   9.0   09:50   SSW
24  30.8  35.5   20:02  23.3   00:00  34.2   0.0  0.01   2.1  13.0   20:37     W
25  21.3  32.8   00:00  15.7   22:06  43.7   0.0  0.00   2.0  14.0   05:36     N
26  16.1  22.7   13:27   6.9   05:56  48.9   0.0  0.00   1.2  11.0   11:32   ENE
27  15.0  23.9   14:51   6.2   06:08  50.0   0.0  0.03   1.9  16.0   12:08     N
28  18.0  29.2   15:16   7.4   08:05  47.0   0.0  0.00   2.2  11.0   21:47   SSE
29  27.9  30.8   20:35  22.9   00:00  37.1   0.0  0.03   4.6  19.0   22:07   SSW
30  12.9  24.5   00:00   3.5   20:52  52.1   0.0  0.00   4.7  22.0   03:42   NNW
31  21.7  31.5   13:40   7.0   01:11  43.2   0.0  0.02   1.9  11.0   23:57    SW
----------------------------------------------------------------------------------
    22.3  41.2    17     3.5    30   742.9   0.0  0.33   2.4  22.0    30     WSW

Max >=  80.0:  0
Max <=  32.0: 13
Min <=  32.0: 18
Min <=   0.0:  0
Max Rain: 0.10 on day 14
Days of Rain: 11 (>= 0.01 in)  1 (>= 0.10 in)  0 (>= 1.00 in)
Heat Base: 65.0  Cool Base: 65.0  Method: Integration