NOAA style reports

NOAA-style Climate Reports

Select a Year or Month report
V/Λ2017 > Jan Feb Mar Apr May Jun Jul Aug Sep Oct Nov Dec
V/Λ2016 > Jan Feb Mar Apr May Jun Jul Aug Sep Oct Nov Dec
V/Λ2015 > Jan Feb Mar Apr May Jun Jul Aug Sep Oct Nov Dec

Report for 2015
                   Annual Climatological Summary for 2015

Name: Hog Town   City: Melvin   State: Michigan
Elevation: 830 ft  Lat: N 43° 11' 01"   Lon: W 082° 51' 43"

                  Temperature (°F), Heat Base: 65.0  Cool Base: 65.0
                          Dep.  Heat  Cool                       Max  Max  Min  Min
        Mean  Mean        From  Deg   Deg                        >=   <=   <=   <=
 YR MO  Max   Min   Mean  Norm  Days  Days  Hi  Date  Low  Date 80.0 32.0 32.0   0.0
------------------------------------------------------------------------------------
 15  1  30.1  14.0  22.3   0.0   742     0  41.2  17   3.5   30    0   13   18    0
 15  2  20.1   1.6  11.2   0.0  1504     0  35.0   7 -14.7   16    0   26   28   14
 15  3  40.0  21.9  31.1   0.0  1050     0  57.6  16  -2.3    5    0    6   27    2
 15  4  56.3  35.7  45.2   0.0   594     1  74.3  17  22.8    4    0    0    9    0
 15  5  73.6  49.2  60.7   0.0   229    96  87.9  18  31.7   23   11    0    1    0
 15  6  76.7  54.7  65.2   0.0   108   114  86.5  10  40.7    2   10    0    0    0
 15  7  82.8  58.6  70.1   0.0    57   213  94.0  27  46.9    3   21    0    0    0
 15  8  79.4  59.2  68.0   0.0    63   155  92.2  16  48.1   28   15    0    0    0
 15  9  78.5  56.3  66.2   0.0   104   138  92.4   7  44.7   14   13    0    0    0
 15 10  59.7  43.4  51.0   0.0   440     6  76.7  11  29.9   17    0    0    3    0
 15 11  53.4  35.9  44.4   0.0   625     6  77.6   3  13.9   22    0    1   11    0
 15 12  44.7  32.9  38.9   0.0   809     0  59.7  23  20.4   19    0    3   13    0
------------------------------------------------------------------------------------
        57.9  38.6  47.8   0.0  6329   732  94.0 Jul -14.7  Feb   70   49  110   16

                                Precipitation (in)

              Dep.   Max        Days of Rain
              From   Obs.           >=
 YR MO Total  Norm   Day Date 0.01 0.10 1.00
---------------------------------------------
 15  1  0.33   0.0  0.10  14    11    1    0
 15  2  1.05   0.0  0.47   1    10    3    0
 15  3  0.38   0.0  0.25  31     4    1    0
 15  4  1.14   0.0  0.37   8    12    4    0
 15  5  2.09   0.0  0.44  31    13    6    0
 15  6  4.51   0.0  1.01   8    14    8    1
 15  7  2.18   0.0  0.64   7     7    4    0
 15  8  3.64   0.0  1.54   2    16    9    1
 15  9  3.02   0.0  1.19   3    12    6    1
 15 10  2.32   0.0  0.52  28    14    5    0
 15 11  1.68   0.0  0.31  24    11    7    0
 15 12  1.10   0.0  0.34  21    10    4    0
---------------------------------------------
       23.44   0.0  1.54  Aug  134   58    3

                                Wind Speed (mph)
                          Dom
 YR MO   Avg.  Hi   Date  Dir
------------------------------
 15  1   2.4  22.0   30     W
 15  2   2.5  23.0   12    NW
 15  3   2.9  25.0   17    NW
 15  4   4.5  31.0   21   NNW
 15  5   3.3  31.0    8   WSW
 15  6   3.1  30.0   23   NNE
 15  7   2.2  31.0   18     W
 15  8   2.3  46.0    2   WSW
 15  9   2.2  28.0   19   NNW
 15 10   4.1  30.0    3     W
 15 11   4.2  39.0    6   SSW
 15 12   4.6  39.0   28   SSW
------------------------------
         3.2  46.0  Aug     W