NOAA style reports

NOAA-style Climate Reports

Select a Year or Month report
V/Λ2017 > Jan Feb Mar Apr May Jun Jul Aug Sep Oct Nov Dec
V/Λ2016 > Jan Feb Mar Apr May Jun Jul Aug Sep Oct Nov Dec
V/Λ2015 > Jan Feb Mar Apr May Jun Jul Aug Sep Oct Nov Dec

Report for 2017 Mar
                   Monthly Climatological Summary for Mar 2017

Name: Hog Town   City: Melvin   State: Michigan
Elevation: 830 ft  Lat: N 43° 11' 01"   Lon: W 082° 51' 43"

                  Temperature (°F), Rain (in), Wind Speed (mph)

                                      Heat  Cool        Avg
    Mean                              Deg   Deg         Wind                 Dom
Day Temp  High   Time   Low    Time   Days  Days  Rain  Speed High   Time    Dir
----------------------------------------------------------------------------------
 1  43.7  54.7   14:22  23.1   23:51  21.3   0.0  0.39   6.3  30.0   15:49     W
 2  23.7  27.6   16:47  19.5   06:28  41.3   0.0  0.00   7.5  27.0   01:01   WNW
 3  20.4  23.4   14:17  15.2   07:29  44.6   0.0  0.00   6.6  22.0   11:47     W
 4  20.0  28.7   13:17  12.5   06:34  45.0   0.0  0.00   4.2  16.0   17:39   ENE
 5  28.2  38.8   15:14  16.8   03:50  36.8   0.0  0.00   7.1  27.0   14:21    SE
 6  47.1  59.8   14:23  35.5   00:00  17.9   0.0  0.00   4.6  19.0   19:00   SSE
 7  50.6  60.0   11:46  38.7   23:36  14.4   0.0  0.26   6.8  25.0   09:20   SSW
 8  41.3  47.2   13:17  34.8   23:55  23.7   0.0  0.00  11.3  47.0   16:26    SW
 9  34.2  39.1   14:35  30.2   07:17  30.8   0.0  0.00   5.3  27.0   00:57   WSW
10  22.2  31.5   00:00  14.4   23:18  42.8   0.0  0.00  11.5  35.0   14:05     W
11  18.4  25.4   14:17  12.6   05:58  46.6   0.0  0.00   8.7  31.0   10:33   WSW
12  20.9  26.6   15:13  15.2   07:41  42.2   0.0  0.00   6.0  24.0   12:46     W
13  20.1  22.2   15:46  18.0   06:44  44.9   0.0  0.01   7.0  20.0   10:49   ENE
14  17.3  19.8   14:11  14.5   08:15  47.7   0.0  0.01   8.0  29.0   15:58   WNW
15  21.3  29.3   17:45  15.4   08:25  43.7   0.0  0.00  11.9  33.0   10:26     W
16  27.7  37.4   16:26  17.7   07:46  37.3   0.0  0.00   5.4  21.0   12:56   WSW
17  31.8  40.1   12:15  22.9   07:50  33.2   0.0  0.01   2.8  14.0   12:01    SE
18  34.1  37.6   12:36  32.3   00:00  30.9   0.0  0.01   3.1  13.0   13:31   WNW
19  37.6  51.4   16:26  29.7   07:45  27.4   0.0  0.00   2.9  14.0   18:53   NNW
20  39.7  50.5   17:58  32.4   01:29  25.3   0.0  0.00   1.9  11.0   09:52   ESE
21  39.1  51.9   15:10  25.1   23:59  25.9   0.0  0.00   7.7  33.0   17:49     W
22  24.4  32.0   16:23  20.8   06:06  40.6   0.0  0.00   6.6  30.0   01:40   WNW
23  30.6  43.4   15:43  18.8   07:24  34.4   0.0  0.00   3.1  17.0   13:16   ESE
24  48.3  69.8   16:10  34.0   01:30  17.3   0.6  0.00   4.4  24.0   13:19     S
25  37.6  39.4   17:38  35.6   08:22  27.4   0.0  0.40   5.9  20.0   17:21   NNE
26  43.3  50.5   18:07  36.1   00:00  21.7   0.0  0.13   4.3  15.0   00:39   ENE
27  50.8  57.2   12:31  41.0   23:59  14.2   0.0  0.00   3.0  15.0   13:02   SSW
----------------------------------------------------------------------------------
    32.4  69.8    24    12.5     4   879.3   0.6  1.22   6.1  47.0     8     WSW

Max >=  80.0:  0
Max <=  32.0: 10
Min <=  32.0: 18
Min <=   0.0:  0
Max Rain: 0.40 on day 25
Days of Rain: 8 (>= 0.01 in)  4 (>= 0.10 in)  0 (>= 1.00 in)
Heat Base: 65.0  Cool Base: 65.0  Method: Integration