NOAA style reports

NOAA-style Climate Reports

Select a Year or Month report

Report for 2017 Aug
                   Monthly Climatological Summary for Aug 2017

Name: Hog Town   City: Melvin   State: Michigan
Elevation: 830 ft  Lat: N 43° 11' 01"   Lon: W 082° 51' 43"

                  Temperature (°F), Rain (in), Wind Speed (mph)

                                      Heat  Cool        Avg
    Mean                              Deg   Deg         Wind                 Dom
Day Temp  High   Time   Low    Time   Days  Days  Rain  Speed High   Time    Dir
----------------------------------------------------------------------------------
 1  74.4  89.1   18:11  61.5   06:41   0.4   9.8  0.00   1.3  11.0   16:03   WSW
 2  72.6  86.3   13:28  62.8   06:21   0.1   7.7  0.11   0.5  21.0   14:31   SSW
 3  70.0  83.5   13:13  64.1   02:11   0.1   5.1  0.19   1.4  17.0   17:34   ENE
 4  66.8  78.4   13:45  58.4   23:48   0.9   2.7  0.02   2.3  26.0   15:16   SSW
 5  62.8  71.1   18:03  55.1   06:19   3.8   1.6  0.00   5.2  20.0   08:28   WSW
 6  64.6  78.6   12:09  52.2   06:36   4.5   4.1  0.08   1.2  18.0   19:24   WSW
 7  63.6  73.6   16:19  56.4   23:34   3.0   1.6  0.05   1.2  11.0   15:39    NW
 8  66.1  79.2   17:37  51.4   06:08   3.8   4.9  0.01   1.8  14.0   16:16   WSW
 9  71.6  83.8   19:35  59.3   04:20   1.0   7.6  0.00   1.5  11.0   13:19   WSW
10  71.9  87.6   16:23  58.4   05:20   1.5   8.4  0.00   0.9  10.0   12:46     E
11  69.2  79.1   18:43  63.3   23:53   0.3   4.4  0.08   0.6  10.0   19:35   SSW
12  65.5  73.2   17:42  59.3   23:46   1.7   2.2  0.02   3.1  18.0   14:03     W
13  66.6  80.6   14:22  52.6   07:04   3.1   4.7  0.00   1.2   9.0   11:03   WSW
14  71.1  87.2   15:00  60.9   05:21   1.2   7.2  0.04   1.3  10.0   11:50     E
15  68.7  79.2   16:21  61.3   05:25   0.8   4.5  0.02   1.9  13.0   11:26    NW
16  68.8  83.5   13:19  56.4   04:46   2.3   6.1  0.00   2.5  13.0   16:26     E
17  70.8  80.8   16:21  64.3   00:49   0.0   5.9  0.66   2.9  14.0   10:51   ESE
18  69.3  73.3   17:47  66.3   05:23   0.0   4.3  0.00   3.4  21.0   14:24    SW
----------------------------------------------------------------------------------
    68.6  89.1     1    51.4     8    28.5  92.8  1.28   1.9  26.0     4     WSW

Max >=  80.0:  9
Max <=  32.0:  0
Min <=  32.0:  0
Min <=   0.0:  0
Max Rain: 0.66 on day 17
Days of Rain: 11 (>= 0.01 in)  3 (>= 0.10 in)  0 (>= 1.00 in)
Heat Base: 65.0  Cool Base: 65.0  Method: Integration