NOAA style reports

NOAA-style Climate Reports

Select a Year or Month report

Report for 2017 Sep
                   Monthly Climatological Summary for Sep 2017

Name: Hog Town   City: Melvin   State: Michigan
Elevation: 830 ft  Lat: N 43° 11' 01"   Lon: W 082° 51' 43"

                  Temperature (°F), Rain (in), Wind Speed (mph)

                                      Heat  Cool        Avg
    Mean                              Deg   Deg         Wind                 Dom
Day Temp  High   Time   Low    Time   Days  Days  Rain  Speed High   Time    Dir
----------------------------------------------------------------------------------
 1  55.4  63.9   12:45  47.1   04:15   9.6   0.0  0.00   2.8  15.0   10:54    NE
 2  59.2  74.3   15:08  43.6   05:22   7.5   1.6  0.00   3.4  18.0   09:48     E
 3  61.9  72.6   19:31  52.5   06:40   4.6   1.5  0.03   2.9  17.0   13:57   WSW
 4  65.8  82.6   14:44  56.9   02:57   3.3   4.2  0.13   2.6  24.0   17:13   WSW
 5  58.3  69.7   15:25  51.2   23:57   7.0   0.3  0.24   2.4  22.0   17:06     W
 6  55.0  65.8   15:54  46.4   07:29  10.0   0.0  0.00   1.7  13.0   16:00     W
 7  54.4  64.9   15:24  46.7   06:49  10.6   0.0  0.06   3.7  15.0   12:17   WSW
 8  52.8  61.9   14:30  44.8   23:50  12.2   0.0  0.04   3.1  16.0   10:23   WNW
 9  52.6  67.0   15:16  42.5   04:30  12.4   0.0  0.00   1.4  13.0   15:48    NE
10  55.5  71.8   16:04  40.6   07:02  10.6   1.1  0.00   1.3  13.0   10:52     E
11  60.7  77.6   16:11  46.9   07:58   7.1   2.8  0.00   0.9   9.0   10:28     E
12  61.6  81.1   15:26  46.7   06:10   6.7   3.3  0.01   1.3  11.0   16:09    NE
13  65.3  82.4   15:08  47.8   05:33   4.8   5.0  0.00   0.9  12.0   14:33     E
14  67.2  82.6   17:12  55.4   06:42   2.3   4.5  0.01   0.7   9.0   12:30   WSW
15  67.7  83.4   15:36  57.2   06:06   2.6   5.3  0.00   0.3   8.0   13:23   SSE
16  69.1  83.0   14:54  58.3   07:14   1.9   6.0  0.00   0.7  10.0   14:56    SE
17  71.6  87.7   15:32  59.8   06:45   1.4   8.0  0.01   0.7   9.0   13:21   SSE
18  65.6  73.2   16:43  57.4   23:04   1.4   2.0  0.02   2.0  13.0   18:14     N
19  63.7  69.6   17:51  54.2   02:24   3.0   1.7  0.00   1.9  10.0   09:20   ENE
20  71.8  85.6   16:22  64.3   07:18   0.0   6.9  0.01   1.2  10.0   10:48     E
----------------------------------------------------------------------------------
    61.8  87.7    17    40.6    10   119.0  54.2  0.56   1.8  24.0     4      NW

Max >=  80.0:  8
Max <=  32.0:  0
Min <=  32.0:  0
Min <=   0.0:  0
Max Rain: 0.24 on day 5
Days of Rain: 10 (>= 0.01 in)  2 (>= 0.10 in)  0 (>= 1.00 in)
Heat Base: 65.0  Cool Base: 65.0  Method: Integration